CRAN Package Check Results for Package GUILDS

Last updated on 2021-06-16 21:51:44 CEST.

Flavor Version Tinstall Tcheck Ttotal Status Flags
r-devel-linux-x86_64-debian-clang 1.3 21.39 131.84 153.23 NOTE
r-devel-linux-x86_64-debian-gcc 1.3 14.11 96.15 110.26 NOTE
r-devel-linux-x86_64-fedora-clang 1.3 197.81 NOTE
r-devel-linux-x86_64-fedora-gcc 1.3 184.38 NOTE
r-devel-windows-x86_64 1.3 27.00 143.00 170.00 NOTE
r-devel-windows-x86_64-gcc10-UCRT 1.3 OK
r-patched-linux-x86_64 1.3 16.65 128.55 145.20 NOTE
r-patched-solaris-x86 1.3 449.20 OK
r-release-linux-x86_64 1.3 15.23 132.46 147.69 NOTE
r-release-macos-arm64 1.3 OK
r-release-macos-x86_64 1.3 OK
r-release-windows-ix86+x86_64 1.3 46.00 204.00 250.00 NOTE
r-oldrel-macos-x86_64 1.3 OK
r-oldrel-windows-ix86+x86_64 1.3 34.00 214.00 248.00 NOTE

Check Details

Version: 1.3
Check: package vignettes
Result: NOTE
    Package vignette with placeholder title 'Vignette Title':
     'GUILDS.Rmd'
Flavors: r-devel-linux-x86_64-debian-clang, r-devel-linux-x86_64-debian-gcc, r-devel-windows-x86_64, r-patched-linux-x86_64, r-release-linux-x86_64, r-release-windows-ix86+x86_64, r-oldrel-windows-ix86+x86_64

Version: 1.3
Check: compiled code
Result: NOTE
    File ‘GUILDS/libs/GUILDS.so’:
     Found no calls to: ‘R_registerRoutines’, ‘R_useDynamicSymbols’
    
    It is good practice to register native routines and to disable symbol
    search.
    
    See ‘Writing portable packages’ in the ‘Writing R Extensions’ manual.
Flavors: r-devel-linux-x86_64-fedora-clang, r-devel-linux-x86_64-fedora-gcc