CRAN Package Check Results for Package GPfit

Last updated on 2024-02-21 15:50:48 CET.

Flavor Version Tinstall Tcheck Ttotal Status Flags
r-devel-linux-x86_64-debian-clang 1.0-8 OK
r-devel-linux-x86_64-debian-gcc 1.0-8 2.91 45.00 47.91 OK
r-devel-linux-x86_64-fedora-clang 1.0-8 83.31 OK
r-devel-linux-x86_64-fedora-gcc 1.0-8 75.74 OK
r-devel-windows-x86_64 1.0-8 4.00 70.00 74.00 OK
r-patched-linux-x86_64 1.0-8 3.64 58.71 62.35 OK
r-release-linux-x86_64 1.0-8 3.57 58.67 62.24 OK
r-release-macos-arm64 1.0-8 28.00 OK
r-release-macos-x86_64 1.0-8 55.00 ERROR
r-release-windows-x86_64 1.0-8 5.00 76.00 81.00 OK
r-oldrel-macos-arm64 1.0-8 27.00 OK
r-oldrel-windows-x86_64 1.0-8 5.00 80.00 85.00 OK

Check Details

Version: 1.0-8
Check: tests
Result: ERROR Running ‘testthat.R’ [6s/13s] Running the tests in ‘tests/testthat.R’ failed. Last 13 lines of output: ── 1. Failure ('test_predict.GP.R:64:9'): check predict.GP ───────────────────── smse2 >= 0 & smse2 < 30 is not TRUE `actual`: FALSE `expected`: TRUE ── 2. Failure ('test_predict.GP.R:81:9'): check predict.GP ───────────────────── sum(gpp2$complete_data[, 5] - ms2 < 1e-05) >= 10 is not TRUE `actual`: FALSE `expected`: TRUE ══ DONE ════════════════════════════════════════════════════════════════════════ Error: Test failures Execution halted Flavor: r-release-macos-x86_64