CRAN Package Check Results for Package GPareto

Last updated on 2021-09-26 16:49:14 CEST.

Flavor Version Tinstall Tcheck Ttotal Status Flags
r-devel-linux-x86_64-debian-clang 1.1.6 37.84 139.71 177.55 OK --no-vignettes
r-devel-linux-x86_64-debian-gcc 1.1.6 27.18 103.02 130.20 OK --no-vignettes
r-devel-linux-x86_64-fedora-clang 1.1.6 230.01 NOTE --no-vignettes
r-devel-linux-x86_64-fedora-gcc 1.1.6 214.00 OK --no-vignettes
r-devel-windows-x86_64 1.1.6 38.00 133.00 171.00 OK --no-vignettes
r-devel-windows-x86_64-gcc10-UCRT 1.1.6 OK --no-vignettes
r-patched-linux-x86_64 1.1.6 35.09 132.79 167.88 OK --no-vignettes
r-patched-solaris-x86 1.1.6 256.30 OK --no-vignettes
r-release-linux-x86_64 1.1.6 34.57 132.95 167.52 OK --no-vignettes
r-release-macos-arm64 1.1.6 OK
r-release-macos-x86_64 1.1.6 OK
r-release-windows-ix86+x86_64 1.1.6 92.00 175.00 267.00 OK --no-vignettes
r-oldrel-macos-x86_64 1.1.6 OK
r-oldrel-windows-ix86+x86_64 1.1.6 64.00 178.00 242.00 OK --no-vignettes

Check Details

Version: 1.1.6
Flags: --no-vignettes
Check: Rd cross-references
Result: NOTE
    Undeclared package ‘DiceOptim’ in Rd xrefs
Flavor: r-devel-linux-x86_64-fedora-clang