CRAN Package Check Results for Package GPSCDF

Last updated on 2022-12-05 16:52:40 CET.

Flavor Version Tinstall Tcheck Ttotal Status Flags
r-devel-linux-x86_64-debian-clang 0.1.1 14.18 133.33 147.51 NOTE
r-devel-linux-x86_64-debian-gcc 0.1.1 11.90 96.98 108.88 NOTE
r-devel-linux-x86_64-fedora-clang 0.1.1 186.84 NOTE
r-devel-linux-x86_64-fedora-gcc 0.1.1 195.89 NOTE
r-devel-windows-x86_64 0.1.1 16.00 142.00 158.00 NOTE
r-patched-linux-x86_64 0.1.1 15.34 124.22 139.56 NOTE
r-release-linux-x86_64 0.1.1 10.14 122.38 132.52 NOTE
r-release-macos-arm64 0.1.1 43.00 NOTE
r-release-macos-x86_64 0.1.1 85.00 NOTE
r-release-windows-x86_64 0.1.1 19.00 149.00 168.00 NOTE
r-oldrel-macos-arm64 0.1.1 48.00 NOTE
r-oldrel-macos-x86_64 0.1.1 85.00 NOTE
r-oldrel-windows-ix86+x86_64 0.1.1 33.00 142.00 175.00 NOTE

Check Details

Version: 0.1.1
Check: LazyData
Result: NOTE
     'LazyData' is specified without a 'data' directory
Flavors: r-devel-linux-x86_64-debian-clang, r-devel-linux-x86_64-debian-gcc, r-devel-linux-x86_64-fedora-clang, r-devel-linux-x86_64-fedora-gcc, r-devel-windows-x86_64, r-patched-linux-x86_64, r-release-linux-x86_64, r-release-macos-arm64, r-release-macos-x86_64, r-release-windows-x86_64, r-oldrel-macos-arm64, r-oldrel-macos-x86_64, r-oldrel-windows-ix86+x86_64