CRAN Package Check Results for Package GPSCDF

Last updated on 2021-11-30 11:51:58 CET.

Flavor Version Tinstall Tcheck Ttotal Status Flags
r-devel-linux-x86_64-debian-clang 0.1.1 13.42 107.76 121.18 NOTE
r-devel-linux-x86_64-debian-gcc 0.1.1 9.86 81.65 91.51 NOTE
r-devel-linux-x86_64-fedora-clang 0.1.1 154.73 NOTE
r-devel-linux-x86_64-fedora-gcc 0.1.1 142.47 NOTE
r-devel-windows-x86_64-new-UL 0.1.1 23.00 146.00 169.00 NOTE
r-devel-windows-x86_64-new-TK 0.1.1 NOTE
r-devel-windows-x86_64-old 0.1.1 18.00 98.00 116.00 NOTE
r-patched-linux-x86_64 0.1.1 10.68 101.91 112.59 NOTE
r-patched-solaris-x86 0.1.1 206.40 NOTE
r-release-linux-x86_64 0.1.1 9.49 101.84 111.33 NOTE
r-release-macos-arm64 0.1.1 NOTE
r-release-macos-x86_64 0.1.1 NOTE
r-release-windows-ix86+x86_64 0.1.1 29.00 93.00 122.00 NOTE
r-oldrel-macos-x86_64 0.1.1 OK
r-oldrel-windows-ix86+x86_64 0.1.1 18.00 99.00 117.00 OK

Check Details

Version: 0.1.1
Check: LazyData
Result: NOTE
     'LazyData' is specified without a 'data' directory
Flavors: r-devel-linux-x86_64-debian-clang, r-devel-linux-x86_64-debian-gcc, r-devel-linux-x86_64-fedora-clang, r-devel-linux-x86_64-fedora-gcc, r-devel-windows-x86_64-new-UL, r-devel-windows-x86_64-new-TK, r-devel-windows-x86_64-old, r-patched-linux-x86_64, r-patched-solaris-x86, r-release-linux-x86_64, r-release-macos-arm64, r-release-macos-x86_64, r-release-windows-ix86+x86_64