CRAN Package Check Results for Package GPSCDF

Last updated on 2022-05-21 14:53:17 CEST.

Flavor Version Tinstall Tcheck Ttotal Status Flags
r-devel-linux-x86_64-debian-clang 0.1.1 16.36 138.61 154.97 NOTE
r-devel-linux-x86_64-debian-gcc 0.1.1 10.60 101.33 111.93 NOTE
r-devel-linux-x86_64-fedora-clang 0.1.1 187.37 NOTE
r-devel-linux-x86_64-fedora-gcc 0.1.1 176.93 NOTE
r-devel-windows-x86_64 0.1.1 15.00 143.00 158.00 NOTE
r-patched-linux-x86_64 0.1.1 9.00 128.15 137.15 NOTE
r-release-linux-x86_64 0.1.1 8.63 126.67 135.30 NOTE
r-release-macos-arm64 0.1.1 43.00 NOTE
r-release-macos-x86_64 0.1.1 85.00 NOTE
r-release-windows-x86_64 0.1.1 16.00 145.00 161.00 NOTE
r-oldrel-macos-arm64 0.1.1 48.00 NOTE
r-oldrel-macos-x86_64 0.1.1 85.00 NOTE
r-oldrel-windows-ix86+x86_64 0.1.1 32.00 137.00 169.00 NOTE

Check Details

Version: 0.1.1
Check: LazyData
Result: NOTE
     'LazyData' is specified without a 'data' directory
Flavors: r-devel-linux-x86_64-debian-clang, r-devel-linux-x86_64-debian-gcc, r-devel-linux-x86_64-fedora-clang, r-devel-linux-x86_64-fedora-gcc, r-devel-windows-x86_64, r-patched-linux-x86_64, r-release-linux-x86_64, r-release-macos-arm64, r-release-macos-x86_64, r-release-windows-x86_64, r-oldrel-macos-arm64, r-oldrel-macos-x86_64, r-oldrel-windows-ix86+x86_64