CRAN Package Check Results for Package GLMpack

Last updated on 2021-12-06 11:51:56 CET.

Flavor Version Tinstall Tcheck Ttotal Status Flags
r-devel-linux-x86_64-debian-clang 0.1.0 2.64 46.36 49.00 OK
r-devel-linux-x86_64-debian-gcc 0.1.0 1.90 36.23 38.13 OK
r-devel-linux-x86_64-fedora-clang 0.1.0 60.01 NOTE
r-devel-linux-x86_64-fedora-gcc 0.1.0 50.53 NOTE
r-devel-windows-x86_64-new-UL 0.1.0 10.00 81.00 91.00 OK
r-devel-windows-x86_64-new-TK 0.1.0 NOTE
r-devel-windows-x86_64-old 0.1.0 6.00 47.00 53.00 OK
r-patched-linux-x86_64 0.1.0 2.93 34.64 37.57 OK
r-release-linux-x86_64 0.1.0 2.54 43.20 45.74 OK
r-release-macos-arm64 0.1.0 NOTE
r-release-macos-x86_64 0.1.0 NOTE
r-release-windows-ix86+x86_64 0.1.0 7.00 58.00 65.00 OK
r-oldrel-macos-x86_64 0.1.0 NOTE
r-oldrel-windows-ix86+x86_64 0.1.0 8.00 58.00 66.00 OK

Check Details

Version: 0.1.0
Check: dependencies in R code
Result: NOTE
    Namespaces in Imports field not imported from:
     ‘AER’ ‘MASS’ ‘Matrix’ ‘censReg’ ‘effects’ ‘foreign’ ‘lme4’ ‘lmtest’
     ‘nnet’ ‘pBrackets’ ‘plm’ ‘pscl’ ‘sandwich’
     All declared Imports should be used.
Flavors: r-devel-linux-x86_64-fedora-clang, r-devel-linux-x86_64-fedora-gcc, r-devel-windows-x86_64-new-TK, r-release-macos-arm64, r-release-macos-x86_64, r-oldrel-macos-x86_64