CRAN Package Check Results for Package GIGrvg

Last updated on 2021-07-24 19:50:18 CEST.

Flavor Version Tinstall Tcheck Ttotal Status Flags
r-devel-linux-x86_64-debian-clang 0.5 2.47 23.05 25.52 OK
r-devel-linux-x86_64-debian-gcc 0.5 1.93 18.44 20.37 OK
r-devel-linux-x86_64-fedora-clang 0.5 40.63 NOTE
r-devel-linux-x86_64-fedora-gcc 0.5 29.67 OK
r-devel-windows-x86_64 0.5 4.00 31.00 35.00 OK
r-devel-windows-x86_64-gcc10-UCRT 0.5 OK
r-patched-linux-x86_64 0.5 2.39 22.57 24.96 OK
r-patched-solaris-x86 0.5 46.50 OK
r-release-linux-x86_64 0.5 2.22 22.30 24.52 OK
r-release-macos-arm64 0.5 OK
r-release-macos-x86_64 0.5 OK
r-release-windows-ix86+x86_64 0.5 7.00 37.00 44.00 OK
r-oldrel-macos-x86_64 0.5 OK
r-oldrel-windows-ix86+x86_64 0.5 7.00 44.00 51.00 OK

Check Details

Version: 0.5
Check: Rd cross-references
Result: NOTE
    Undeclared packages ‘Runuran’, ‘ghyp’ in Rd xrefs
Flavor: r-devel-linux-x86_64-fedora-clang