CRAN Package Check Results for Package GHap

Last updated on 2021-09-26 16:49:14 CEST.

Flavor Version Tinstall Tcheck Ttotal Status Flags
r-devel-linux-x86_64-debian-clang 2.0.0 16.07 103.28 119.35 OK
r-devel-linux-x86_64-debian-gcc 2.0.0 10.72 75.72 86.44 OK
r-devel-linux-x86_64-fedora-clang 2.0.0 146.15 NOTE
r-devel-linux-x86_64-fedora-gcc 2.0.0 134.14 NOTE
r-devel-windows-x86_64 2.0.0 17.00 85.00 102.00 OK
r-devel-windows-x86_64-gcc10-UCRT 2.0.0 NOTE
r-patched-linux-x86_64 2.0.0 18.19 96.29 114.48 OK
r-patched-solaris-x86 2.0.0 184.70 NOTE
r-release-linux-x86_64 2.0.0 12.92 96.45 109.37 OK
r-release-macos-arm64 2.0.0 NOTE
r-release-macos-x86_64 2.0.0 NOTE
r-release-windows-ix86+x86_64 2.0.0 28.00 124.00 152.00 OK
r-oldrel-macos-x86_64 2.0.0 NOTE
r-oldrel-windows-ix86+x86_64 2.0.0 19.00 92.00 111.00 OK

Check Details

Version: 2.0.0
Check: dependencies in R code
Result: NOTE
    Namespace in Imports field not imported from: ‘class’
     All declared Imports should be used.
Flavors: r-devel-linux-x86_64-fedora-clang, r-devel-linux-x86_64-fedora-gcc, r-devel-windows-x86_64-gcc10-UCRT, r-patched-solaris-x86, r-release-macos-arm64, r-release-macos-x86_64, r-oldrel-macos-x86_64