CRAN Package Check Results for Package GEint

Last updated on 2021-12-06 11:51:56 CET.

Flavor Version Tinstall Tcheck Ttotal Status Flags
r-devel-linux-x86_64-debian-clang 0.1.5 9.36 181.19 190.55 NOTE
r-devel-linux-x86_64-debian-gcc 0.1.5 6.83 135.70 142.53 NOTE
r-devel-linux-x86_64-fedora-clang 0.1.5 223.52 OK
r-devel-linux-x86_64-fedora-gcc 0.1.5 214.55 OK
r-devel-windows-x86_64-new-UL 0.1.5 16.00 214.00 230.00 NOTE
r-devel-windows-x86_64-new-TK 0.1.5 OK
r-devel-windows-x86_64-old 0.1.5 14.00 166.00 180.00 NOTE
r-patched-linux-x86_64 0.1.5 8.27 164.83 173.10 NOTE
r-release-linux-x86_64 0.1.5 6.50 174.75 181.25 NOTE
r-release-macos-arm64 0.1.5 OK
r-release-macos-x86_64 0.1.5 OK
r-release-windows-ix86+x86_64 0.1.5 15.00 206.00 221.00 NOTE
r-oldrel-macos-x86_64 0.1.5 OK
r-oldrel-windows-ix86+x86_64 0.1.5 15.00 213.00 228.00 NOTE

Check Details

Version: 0.1.5
Check: package vignettes
Result: NOTE
    Package vignette with placeholder title 'Vignette Title':
     'GEint_example.Rmd'
Flavors: r-devel-linux-x86_64-debian-clang, r-devel-linux-x86_64-debian-gcc, r-devel-windows-x86_64-new-UL, r-devel-windows-x86_64-old, r-patched-linux-x86_64, r-release-linux-x86_64, r-release-windows-ix86+x86_64, r-oldrel-windows-ix86+x86_64