CRAN Package Check Results for Package GEEaSPU

Last updated on 2021-12-03 11:51:49 CET.

Flavor Version Tinstall Tcheck Ttotal Status Flags
r-devel-linux-x86_64-debian-clang 1.0.2 40.80 28.09 68.89 OK
r-devel-linux-x86_64-debian-gcc 1.0.2 32.45 22.18 54.63 OK
r-devel-linux-x86_64-fedora-clang 1.0.2 114.40 NOTE
r-devel-linux-x86_64-fedora-gcc 1.0.2 96.66 NOTE
r-devel-windows-x86_64-new-UL 1.0.2 56.00 88.00 144.00 OK
r-devel-windows-x86_64-new-TK 1.0.2 OK
r-devel-windows-x86_64-old 1.0.2 55.00 47.00 102.00 OK
r-patched-linux-x86_64 1.0.2 34.38 27.07 61.45 OK
r-patched-solaris-x86 1.0.2 99.00 OK
r-release-linux-x86_64 1.0.2 39.41 26.99 66.40 OK
r-release-macos-arm64 1.0.2 NOTE
r-release-macos-x86_64 1.0.2 OK
r-release-windows-ix86+x86_64 1.0.2 105.00 77.00 182.00 OK
r-oldrel-macos-x86_64 1.0.2 OK
r-oldrel-windows-ix86+x86_64 1.0.2 102.00 81.00 183.00 OK

Check Details

Version: 1.0.2
Check: compiled code
Result: NOTE
    File ‘GEEaSPU/libs/GEEaSPU.so’:
     Found no calls to: ‘R_registerRoutines’, ‘R_useDynamicSymbols’
    
    It is good practice to register native routines and to disable symbol
    search.
    
    See ‘Writing portable packages’ in the ‘Writing R Extensions’ manual.
Flavors: r-devel-linux-x86_64-fedora-clang, r-devel-linux-x86_64-fedora-gcc

Version: 1.0.2
Check: installed package size
Result: NOTE
     installed size is 5.1Mb
     sub-directories of 1Mb or more:
     libs 5.0Mb
Flavor: r-release-macos-arm64