CRAN Package Check Results for Package GE

Last updated on 2021-09-23 04:56:24 CEST.

Flavor Version Tinstall Tcheck Ttotal Status Flags
r-devel-linux-x86_64-debian-clang 0.2.1 6.74 65.74 72.48 OK
r-devel-linux-x86_64-debian-gcc 0.2.1 5.34 48.62 53.96 OK
r-devel-linux-x86_64-fedora-clang 0.2.1 93.85 OK
r-devel-linux-x86_64-fedora-gcc 0.2.1 82.55 OK
r-devel-windows-x86_64 0.2.1 6.00 66.00 72.00 OK
r-devel-windows-x86_64-gcc10-UCRT 0.2.1 ERROR
r-patched-linux-x86_64 0.2.1 6.54 61.17 67.71 OK
r-patched-solaris-x86 0.2.1 108.50 OK
r-release-linux-x86_64 0.2.1 6.35 61.49 67.84 OK
r-release-macos-arm64 0.2.1 OK
r-release-macos-x86_64 0.2.1 OK
r-release-windows-ix86+x86_64 0.2.1 14.00 85.00 99.00 OK
r-oldrel-macos-x86_64 0.2.1 OK
r-oldrel-windows-ix86+x86_64 0.2.1 9.00 64.00 73.00 OK

Check Details

Version: 0.2.1
Check: package dependencies
Result: ERROR
    Package required but not available: 'DiagrammeR'
    
    See section 'The DESCRIPTION file' in the 'Writing R Extensions'
    manual.
Flavor: r-devel-windows-x86_64-gcc10-UCRT