Last updated on 2022-06-30 05:57:52 CEST.
Flavor | Version | Tinstall | Tcheck | Ttotal | Status | Flags |
---|---|---|---|---|---|---|
r-devel-linux-x86_64-debian-clang | 4.0.7 | 1.53 | 38.68 | 40.21 | OK | |
r-devel-linux-x86_64-debian-gcc | 4.0.7 | 1.62 | 29.97 | 31.59 | OK | |
r-devel-linux-x86_64-fedora-clang | 4.0.7 | 60.54 | NOTE | |||
r-devel-linux-x86_64-fedora-gcc | 4.0.7 | 60.64 | NOTE | |||
r-devel-windows-x86_64 | 4.0.7 | 16.00 | 67.00 | 83.00 | OK | |
r-patched-linux-x86_64 | 4.0.7 | 2.42 | 38.41 | 40.83 | OK | |
r-release-linux-x86_64 | 4.0.7 | 2.08 | 37.82 | 39.90 | OK | |
r-release-macos-arm64 | 4.0.7 | 19.00 | NOTE | |||
r-release-macos-x86_64 | 4.0.7 | 29.00 | NOTE | |||
r-release-windows-x86_64 | 4.0.7 | 13.00 | 68.00 | 81.00 | OK | |
r-oldrel-macos-arm64 | 4.0.7 | 26.00 | NOTE | |||
r-oldrel-macos-x86_64 | 4.0.7 | 33.00 | NOTE | |||
r-oldrel-windows-ix86+x86_64 | 4.0.7 | 5.00 | 59.00 | 64.00 | OK |
Version: 4.0.7
Check: dependencies in R code
Result: NOTE
Namespace in Imports field not imported from: ‘raster’
All declared Imports should be used.
Flavors: r-devel-linux-x86_64-fedora-clang, r-devel-linux-x86_64-fedora-gcc, r-release-macos-arm64, r-release-macos-x86_64, r-oldrel-macos-arm64, r-oldrel-macos-x86_64
Version: 4.0.7
Check: data for non-ASCII characters
Result: NOTE
Note: found 103 marked UTF-8 strings
Flavors: r-devel-linux-x86_64-fedora-clang, r-devel-linux-x86_64-fedora-gcc, r-release-macos-arm64, r-release-macos-x86_64, r-oldrel-macos-arm64, r-oldrel-macos-x86_64