CRAN Package Check Results for Package GABi

Last updated on 2021-10-28 05:50:27 CEST.

Flavor Version Tinstall Tcheck Ttotal Status Flags
r-devel-linux-x86_64-debian-clang 0.1 2.56 26.56 29.12 NOTE
r-devel-linux-x86_64-debian-gcc 0.1 2.16 21.07 23.23 NOTE
r-devel-linux-x86_64-fedora-clang 0.1 48.67 NOTE
r-devel-linux-x86_64-fedora-gcc 0.1 36.59 NOTE
r-devel-windows-x86_64 0.1 5.00 49.00 54.00 NOTE
r-devel-windows-x86_64-gcc10-UCRT 0.1 NOTE
r-patched-linux-x86_64 0.1 3.14 26.22 29.36 NOTE
r-patched-solaris-x86 0.1 53.70 NOTE
r-release-linux-x86_64 0.1 2.66 26.23 28.89 NOTE
r-release-macos-arm64 0.1 NOTE
r-release-macos-x86_64 0.1 NOTE
r-release-windows-ix86+x86_64 0.1 5.00 45.00 50.00 NOTE
r-oldrel-macos-x86_64 0.1 NOTE
r-oldrel-windows-ix86+x86_64 0.1 4.00 43.00 47.00 NOTE

Check Details

Version: 0.1
Check: package dependencies
Result: NOTE
    Package suggested but not available for checking: 'ArrayBin'
Flavors: r-devel-linux-x86_64-debian-clang, r-devel-linux-x86_64-debian-gcc, r-devel-linux-x86_64-fedora-clang, r-devel-linux-x86_64-fedora-gcc, r-devel-windows-x86_64-gcc10-UCRT, r-patched-linux-x86_64, r-patched-solaris-x86, r-release-linux-x86_64, r-release-macos-arm64

Version: 0.1
Check: R code for possible problems
Result: NOTE
    crossover: no visible global function definition for 'runif'
    exchangeSols: no visible global function definition for 'runif'
    fps: no visible global function definition for 'runif'
    mutation: no visible global function definition for 'runif'
    plotBicluster: no visible global function definition for 'gray'
    plotBicluster: no visible global function definition for 'heatmap'
    reproduction: no visible global function definition for 'runif'
    Undefined global functions or variables:
     gray heatmap runif
    Consider adding
     importFrom("grDevices", "gray")
     importFrom("stats", "heatmap", "runif")
    to your NAMESPACE file.
Flavors: r-devel-linux-x86_64-debian-clang, r-devel-linux-x86_64-debian-gcc, r-devel-linux-x86_64-fedora-clang, r-devel-linux-x86_64-fedora-gcc, r-devel-windows-x86_64, r-devel-windows-x86_64-gcc10-UCRT, r-patched-linux-x86_64, r-patched-solaris-x86, r-release-linux-x86_64, r-release-macos-arm64, r-release-macos-x86_64, r-release-windows-ix86+x86_64, r-oldrel-macos-x86_64, r-oldrel-windows-ix86+x86_64