CRAN Package Check Results for Package FunChisq

Last updated on 2021-10-21 04:58:30 CEST.

Flavor Version Tinstall Tcheck Ttotal Status Flags
r-devel-linux-x86_64-debian-clang 2.5.2 53.59 48.88 102.47 OK
r-devel-linux-x86_64-debian-gcc 2.5.2 37.73 37.95 75.68 OK
r-devel-linux-x86_64-fedora-clang 2.5.2 155.39 OK
r-devel-linux-x86_64-fedora-gcc 2.5.2 129.29 OK
r-devel-windows-x86_64 2.5.2 67.00 87.00 154.00 OK
r-devel-windows-x86_64-gcc10-UCRT 2.5.2 OK
r-patched-linux-x86_64 2.5.2 39.15 49.75 88.90 OK
r-patched-solaris-x86 2.5.2 138.40 OK
r-release-linux-x86_64 2.5.2 43.62 50.23 93.85 OK
r-release-macos-arm64 2.5.2 OK
r-release-macos-x86_64 2.5.2 OK
r-release-windows-ix86+x86_64 2.5.2 108.00 105.00 213.00 OK
r-oldrel-macos-x86_64 2.5.2 OK
r-oldrel-windows-ix86+x86_64 2.5.2 133.00 127.00 260.00 ERROR

Check Details

Version: 2.5.2
Check: running tests for arch ‘i386’
Result: ERROR
     Running 'testthat.R' [5s]
    Running the tests in 'tests/testthat.R' failed.
    Complete output:
     > library(testthat)
     > library(FunChisq)
     >
     > test_check("FunChisq")
     == Failed tests ================================================================
     -- Failure (test_simulate.R:512:3): Testing simulate_tables() ------------------
     `non.mono.func.flag` not identical to FALSE.
     1 element mismatch
     Backtrace:
     x
     1. \-FunChisq:::Test_Functional_Many_to_one_table(2) test_simulate.R:512:2
     2. \-testthat::expect_identical(non.mono.func.flag, FALSE) test_simulate.R:233:2
    
     [ FAIL 1 | WARN 0 | SKIP 0 | PASS 246 ]
     Error: Test failures
     Execution halted
Flavor: r-oldrel-windows-ix86+x86_64