CRAN Package Check Results for Package FracKrigingR

Last updated on 2022-07-03 05:49:49 CEST.

Flavor Version Tinstall Tcheck Ttotal Status Flags
r-devel-linux-x86_64-debian-clang 1.0.0 2.31 36.13 38.44 OK
r-devel-linux-x86_64-debian-gcc 1.0.0 1.71 25.36 27.07 OK
r-devel-linux-x86_64-fedora-clang 1.0.0 55.92 NOTE
r-devel-linux-x86_64-fedora-gcc 1.0.0 55.44 NOTE
r-devel-windows-x86_64 1.0.0 19.00 62.00 81.00 OK
r-patched-linux-x86_64 1.0.0 1.56 33.70 35.26 OK
r-release-linux-x86_64 1.0.0 1.52 34.66 36.18 OK
r-release-macos-arm64 1.0.0 19.00 NOTE
r-release-macos-x86_64 1.0.0 24.00 NOTE
r-release-windows-x86_64 1.0.0 9.00 59.00 68.00 OK
r-oldrel-macos-arm64 1.0.0 21.00 NOTE
r-oldrel-macos-x86_64 1.0.0 24.00 NOTE
r-oldrel-windows-ix86+x86_64 1.0.0 5.00 59.00 64.00 OK

Check Details

Version: 1.0.0
Check: dependencies in R code
Result: NOTE
    Namespace in Imports field not imported from: ‘psych’
     All declared Imports should be used.
Flavors: r-devel-linux-x86_64-fedora-clang, r-devel-linux-x86_64-fedora-gcc, r-release-macos-arm64, r-release-macos-x86_64, r-oldrel-macos-arm64, r-oldrel-macos-x86_64