CRAN Package Check Results for Package FrF2

Last updated on 2021-12-03 11:51:49 CET.

Flavor Version Tinstall Tcheck Ttotal Status Flags
r-devel-linux-x86_64-debian-clang 2.2-2 18.16 158.30 176.46 NOTE
r-devel-linux-x86_64-debian-gcc 2.2-2 12.75 113.68 126.43 NOTE
r-devel-linux-x86_64-fedora-clang 2.2-2 215.18 NOTE
r-devel-linux-x86_64-fedora-gcc 2.2-2 203.70 NOTE
r-devel-windows-x86_64-new-UL 2.2-2 31.00 210.00 241.00 NOTE
r-devel-windows-x86_64-new-TK 2.2-2 NOTE
r-devel-windows-x86_64-old 2.2-2 25.00 143.00 168.00 NOTE
r-patched-linux-x86_64 2.2-2 19.31 148.34 167.65 NOTE
r-patched-solaris-x86 2.2-2 257.00 NOTE
r-release-linux-x86_64 2.2-2 13.74 148.56 162.30 NOTE
r-release-macos-arm64 2.2-2 NOTE
r-release-macos-x86_64 2.2-2 NOTE
r-release-windows-ix86+x86_64 2.2-2 28.00 193.00 221.00 NOTE
r-oldrel-macos-x86_64 2.2-2 OK
r-oldrel-windows-ix86+x86_64 2.2-2 28.00 193.00 221.00 OK

Check Details

Version: 2.2-2
Check: LazyData
Result: NOTE
     'LazyData' is specified without a 'data' directory
Flavors: r-devel-linux-x86_64-debian-clang, r-devel-linux-x86_64-debian-gcc, r-devel-linux-x86_64-fedora-clang, r-devel-linux-x86_64-fedora-gcc, r-devel-windows-x86_64-new-UL, r-devel-windows-x86_64-new-TK, r-devel-windows-x86_64-old, r-patched-linux-x86_64, r-patched-solaris-x86, r-release-linux-x86_64, r-release-macos-arm64, r-release-macos-x86_64, r-release-windows-ix86+x86_64

Version: 2.2-2
Check: Rd cross-references
Result: NOTE
    Undeclared package ‘DoE.wrapper’ in Rd xrefs
Flavor: r-devel-linux-x86_64-fedora-clang