CRAN Package Check Results for Package ForImp

Last updated on 2021-10-28 16:50:23 CEST.

Flavor Version Tinstall Tcheck Ttotal Status Flags
r-devel-linux-x86_64-debian-clang 1.0.3 3.70 34.86 38.56 NOTE
r-devel-linux-x86_64-debian-gcc 1.0.3 2.36 27.29 29.65 NOTE
r-devel-linux-x86_64-fedora-clang 1.0.3 59.98 NOTE
r-devel-linux-x86_64-fedora-gcc 1.0.3 47.32 NOTE
r-devel-windows-x86_64 1.0.3 7.00 57.00 64.00 NOTE
r-devel-windows-x86_64-gcc10-UCRT 1.0.3 NOTE
r-patched-linux-x86_64 1.0.3 3.66 34.27 37.93 NOTE
r-patched-solaris-x86 1.0.3 73.10 NOTE
r-release-linux-x86_64 1.0.3 3.87 34.12 37.99 NOTE
r-release-macos-arm64 1.0.3 NOTE
r-release-macos-x86_64 1.0.3 NOTE
r-release-windows-ix86+x86_64 1.0.3 8.00 56.00 64.00 NOTE
r-oldrel-macos-x86_64 1.0.3 NOTE
r-oldrel-windows-ix86+x86_64 1.0.3 7.00 55.00 62.00 NOTE

Check Details

Version: 1.0.3
Check: DESCRIPTION meta-information
Result: NOTE
    Malformed Description field: should contain one or more complete sentences.
Flavors: r-devel-linux-x86_64-debian-clang, r-devel-linux-x86_64-debian-gcc, r-devel-linux-x86_64-fedora-clang, r-devel-linux-x86_64-fedora-gcc, r-devel-windows-x86_64, r-devel-windows-x86_64-gcc10-UCRT, r-patched-linux-x86_64, r-patched-solaris-x86, r-release-linux-x86_64, r-release-macos-arm64, r-release-macos-x86_64, r-release-windows-ix86+x86_64, r-oldrel-macos-x86_64, r-oldrel-windows-ix86+x86_64

Version: 1.0.3
Check: R code for possible problems
Result: NOTE
    ForImp: no visible global function definition for 'head'
    ForImp: no visible global function definition for 'tail'
    ForImp: no visible global function definition for 'dist'
    medianimp: no visible global function definition for 'quantile'
    rancatmat: no visible global function definition for 'runif'
    transfmatcat: no visible global function definition for 'qnorm'
    transfmatcat: no visible global function definition for 'sd'
    Undefined global functions or variables:
     dist head qnorm quantile runif sd tail
    Consider adding
     importFrom("stats", "dist", "qnorm", "quantile", "runif", "sd")
     importFrom("utils", "head", "tail")
    to your NAMESPACE file.
Flavors: r-devel-linux-x86_64-debian-clang, r-devel-linux-x86_64-debian-gcc, r-devel-linux-x86_64-fedora-clang, r-devel-linux-x86_64-fedora-gcc, r-devel-windows-x86_64, r-devel-windows-x86_64-gcc10-UCRT, r-patched-linux-x86_64, r-patched-solaris-x86, r-release-linux-x86_64, r-release-macos-arm64, r-release-macos-x86_64, r-release-windows-ix86+x86_64, r-oldrel-macos-x86_64, r-oldrel-windows-ix86+x86_64