CRAN Package Check Results for Package FlickrAPI

Last updated on 2021-07-25 07:50:01 CEST.

Flavor Version Tinstall Tcheck Ttotal Status Flags
r-devel-linux-x86_64-debian-clang 0.1.0.0 2.83 30.56 33.39 NOTE
r-devel-linux-x86_64-debian-gcc 0.1.0.0 2.01 24.20 26.21 NOTE
r-devel-linux-x86_64-fedora-clang 0.1.0.0 49.99 NOTE
r-devel-linux-x86_64-fedora-gcc 0.1.0.0 40.23 NOTE
r-devel-windows-x86_64 0.1.0.0 4.00 37.00 41.00 NOTE
r-devel-windows-x86_64-gcc10-UCRT 0.1.0.0 NOTE
r-patched-linux-x86_64 0.1.0.0 2.69 30.00 32.69 NOTE
r-patched-solaris-x86 0.1.0.0 64.10 NOTE
r-release-linux-x86_64 0.1.0.0 2.81 29.90 32.71 NOTE
r-release-macos-arm64 0.1.0.0 NOTE
r-release-macos-x86_64 0.1.0.0 NOTE
r-release-windows-ix86+x86_64 0.1.0.0 7.00 36.00 43.00 NOTE
r-oldrel-macos-x86_64 0.1.0.0 NOTE
r-oldrel-windows-ix86+x86_64 0.1.0.0 7.00 46.00 53.00 NOTE

Check Details

Version: 0.1.0.0
Check: LazyData
Result: NOTE
     'LazyData' is specified without a 'data' directory
Flavors: r-devel-linux-x86_64-debian-clang, r-devel-linux-x86_64-debian-gcc, r-devel-linux-x86_64-fedora-clang, r-devel-linux-x86_64-fedora-gcc, r-devel-windows-x86_64, r-devel-windows-x86_64-gcc10-UCRT, r-patched-linux-x86_64, r-patched-solaris-x86, r-release-linux-x86_64, r-release-macos-arm64, r-release-macos-x86_64, r-release-windows-ix86+x86_64

Version: 0.1.0.0
Check: package vignettes
Result: NOTE
    Package vignette with placeholder title 'Vignette Title':
     'introduction.Rmd'
Flavors: r-devel-linux-x86_64-debian-clang, r-devel-linux-x86_64-debian-gcc, r-devel-windows-x86_64, r-patched-linux-x86_64, r-release-linux-x86_64, r-release-windows-ix86+x86_64, r-oldrel-windows-ix86+x86_64

Version: 0.1.0.0
Check: dependencies in R code
Result: NOTE
    Namespace in Imports field not imported from: ‘magrittr’
     All declared Imports should be used.
Flavors: r-devel-linux-x86_64-fedora-clang, r-devel-linux-x86_64-fedora-gcc, r-devel-windows-x86_64-gcc10-UCRT, r-patched-solaris-x86, r-release-macos-arm64, r-release-macos-x86_64, r-oldrel-macos-x86_64