CRAN Package Check Results for Package FitUltD

Last updated on 2022-01-22 00:48:24 CET.

Flavor Version Tinstall Tcheck Ttotal Status Flags
r-devel-linux-x86_64-debian-clang 3.1.0 7.50 98.46 105.96 NOTE
r-devel-linux-x86_64-debian-gcc 3.1.0 7.14 73.74 80.88 NOTE
r-devel-linux-x86_64-fedora-clang 3.1.0 132.44 NOTE
r-devel-linux-x86_64-fedora-gcc 3.1.0 115.81 NOTE
r-devel-windows-x86_64-new-UL 3.1.0 21.00 113.00 134.00 NOTE
r-devel-windows-x86_64-new-TK 3.1.0 NOTE
r-patched-linux-x86_64 3.1.0 9.16 92.76 101.92 NOTE
r-release-linux-x86_64 3.1.0 7.44 92.62 100.06 NOTE
r-release-macos-arm64 3.1.0 NOTE
r-release-macos-x86_64 3.1.0 NOTE
r-release-windows-ix86+x86_64 3.1.0 23.00 103.00 126.00 NOTE
r-oldrel-macos-x86_64 3.1.0 OK
r-oldrel-windows-ix86+x86_64 3.1.0 22.00 110.00 132.00 OK

Check Details

Version: 3.1.0
Check: LazyData
Result: NOTE
     'LazyData' is specified without a 'data' directory
Flavors: r-devel-linux-x86_64-debian-clang, r-devel-linux-x86_64-debian-gcc, r-devel-linux-x86_64-fedora-clang, r-devel-linux-x86_64-fedora-gcc, r-devel-windows-x86_64-new-UL, r-devel-windows-x86_64-new-TK, r-patched-linux-x86_64, r-release-linux-x86_64, r-release-macos-arm64, r-release-macos-x86_64, r-release-windows-ix86+x86_64