CRAN Package Check Results for Package FishPhyloMaker

Last updated on 2021-11-30 11:51:56 CET.

Flavor Version Tinstall Tcheck Ttotal Status Flags
r-devel-linux-x86_64-debian-clang 0.2.0 4.21 35.29 39.50 OK
r-devel-linux-x86_64-debian-gcc 0.2.0 3.24 27.57 30.81 OK
r-devel-linux-x86_64-fedora-clang 0.2.0 62.20 NOTE
r-devel-linux-x86_64-fedora-gcc 0.2.0 48.40 NOTE
r-devel-windows-x86_64-new-UL 0.2.0 12.00 83.00 95.00 OK
r-devel-windows-x86_64-new-TK 0.2.0 NOTE
r-devel-windows-x86_64-old 0.2.0 8.00 44.00 52.00 OK
r-patched-linux-x86_64 0.2.0 4.04 34.68 38.72 OK
r-patched-solaris-x86 0.2.0 70.40 NOTE
r-release-linux-x86_64 0.2.0 3.37 35.00 38.37 OK
r-release-macos-arm64 0.2.0 NOTE
r-release-macos-x86_64 0.2.0 NOTE
r-release-windows-ix86+x86_64 0.2.0 10.00 62.00 72.00 OK
r-oldrel-macos-x86_64 0.2.0 NOTE
r-oldrel-windows-ix86+x86_64 0.2.0 8.00 43.00 51.00 OK

Additional issues

donttest

Check Details

Version: 0.2.0
Check: dependencies in R code
Result: NOTE
    Namespaces in Imports field not imported from:
     ‘knitr’ ‘rmarkdown’ ‘utils’
     All declared Imports should be used.
Flavors: r-devel-linux-x86_64-fedora-clang, r-devel-linux-x86_64-fedora-gcc, r-devel-windows-x86_64-new-TK, r-patched-solaris-x86, r-release-macos-arm64, r-release-macos-x86_64, r-oldrel-macos-x86_64