CRAN Package Check Results for Package FindIt

Last updated on 2021-10-27 16:49:03 CEST.

Flavor Version Tinstall Tcheck Ttotal Status Flags
r-devel-linux-x86_64-debian-clang 1.2.0 17.92 121.55 139.47 OK
r-devel-linux-x86_64-debian-gcc 1.2.0 14.67 91.59 106.26 OK
r-devel-linux-x86_64-fedora-clang 1.2.0 183.50 OK
r-devel-linux-x86_64-fedora-gcc 1.2.0 165.91 OK
r-devel-windows-x86_64 1.2.0 27.00 145.00 172.00 OK
r-devel-windows-x86_64-gcc10-UCRT 1.2.0 OK
r-patched-linux-x86_64 1.2.0 15.44 116.89 132.33 OK
r-patched-solaris-x86 1.2.0 227.90 OK
r-release-linux-x86_64 1.2.0 15.46 116.49 131.95 OK
r-release-macos-arm64 1.2.0 OK
r-release-macos-x86_64 1.2.0 OK
r-release-windows-ix86+x86_64 1.2.0 4.00 9.00 13.00 ERROR
r-oldrel-macos-x86_64 1.2.0 OK
r-oldrel-windows-ix86+x86_64 1.2.0 45.00 174.00 219.00 OK

Check Details

Version: 1.2.0
Check: whether package can be installed
Result: ERROR
    Installation failed.
Flavor: r-release-windows-ix86+x86_64