CRAN Package Check Results for Package FinAna

Last updated on 2021-12-07 23:54:28 CET.

Flavor Version Tinstall Tcheck Ttotal Status Flags
r-devel-linux-x86_64-debian-clang 0.1.2 2.65 29.62 32.27 NOTE
r-devel-linux-x86_64-debian-gcc 0.1.2 1.95 23.64 25.59 NOTE
r-devel-linux-x86_64-fedora-clang 0.1.2 40.48 NOTE
r-devel-linux-x86_64-fedora-gcc 0.1.2 29.83 NOTE
r-devel-windows-x86_64-new-UL 0.1.2 7.00 52.00 59.00 NOTE
r-devel-windows-x86_64-new-TK 0.1.2 NOTE
r-devel-windows-x86_64-old 0.1.2 5.00 35.00 40.00 NOTE
r-patched-linux-x86_64 0.1.2 2.19 28.58 30.77 NOTE
r-release-linux-x86_64 0.1.2 2.01 28.95 30.96 NOTE
r-release-macos-arm64 0.1.2 NOTE
r-release-macos-x86_64 0.1.2 NOTE
r-release-windows-ix86+x86_64 0.1.2 6.00 34.00 40.00 NOTE
r-oldrel-macos-x86_64 0.1.2 OK
r-oldrel-windows-ix86+x86_64 0.1.2 9.00 33.00 42.00 OK

Check Details

Version: 0.1.2
Check: LazyData
Result: NOTE
     'LazyData' is specified without a 'data' directory
Flavors: r-devel-linux-x86_64-debian-clang, r-devel-linux-x86_64-debian-gcc, r-devel-linux-x86_64-fedora-clang, r-devel-linux-x86_64-fedora-gcc, r-devel-windows-x86_64-new-UL, r-devel-windows-x86_64-new-TK, r-devel-windows-x86_64-old, r-patched-linux-x86_64, r-release-linux-x86_64, r-release-macos-arm64, r-release-macos-x86_64, r-release-windows-ix86+x86_64