CRAN Package Check Results for Package FinAna

Last updated on 2022-05-28 14:53:40 CEST.

Flavor Version Tinstall Tcheck Ttotal Status Flags
r-devel-linux-x86_64-debian-clang 0.1.2 2.86 31.38 34.24 NOTE
r-devel-linux-x86_64-debian-gcc 0.1.2 1.98 24.56 26.54 NOTE
r-devel-linux-x86_64-fedora-clang 0.1.2 42.27 NOTE
r-devel-linux-x86_64-fedora-gcc 0.1.2 43.11 NOTE
r-devel-windows-x86_64 0.1.2 13.00 45.00 58.00 NOTE
r-patched-linux-x86_64 0.1.2 2.35 30.94 33.29 NOTE
r-release-linux-x86_64 0.1.2 2.58 30.89 33.47 NOTE
r-release-macos-arm64 0.1.2 14.00 NOTE
r-release-macos-x86_64 0.1.2 20.00 NOTE
r-release-windows-x86_64 0.1.2 7.00 44.00 51.00 NOTE
r-oldrel-macos-arm64 0.1.2 18.00 NOTE
r-oldrel-macos-x86_64 0.1.2 23.00 NOTE
r-oldrel-windows-ix86+x86_64 0.1.2 6.00 34.00 40.00 NOTE

Check Details

Version: 0.1.2
Check: LazyData
Result: NOTE
     'LazyData' is specified without a 'data' directory
Flavors: r-devel-linux-x86_64-debian-clang, r-devel-linux-x86_64-debian-gcc, r-devel-linux-x86_64-fedora-clang, r-devel-linux-x86_64-fedora-gcc, r-devel-windows-x86_64, r-patched-linux-x86_64, r-release-linux-x86_64, r-release-macos-arm64, r-release-macos-x86_64, r-release-windows-x86_64, r-oldrel-macos-arm64, r-oldrel-macos-x86_64, r-oldrel-windows-ix86+x86_64