CRAN Package Check Results for Package FaultTree

Last updated on 2022-01-25 12:55:33 CET.

Flavor Version Tinstall Tcheck Ttotal Status Flags
r-devel-linux-x86_64-debian-clang 0.99.5 145.20 43.18 188.38 OK
r-devel-linux-x86_64-debian-gcc 0.99.5 111.04 37.03 148.07 OK
r-devel-linux-x86_64-fedora-clang 0.99.5 292.59 OK
r-devel-linux-x86_64-fedora-gcc 0.99.5 249.18 OK
r-devel-windows-x86_64-new-UL 0.99.5 161.00 87.00 248.00 OK
r-devel-windows-x86_64-new-TK 0.99.5 OK
r-patched-linux-x86_64 0.99.5 130.38 41.16 171.54 OK
r-release-linux-x86_64 0.99.5 128.31 41.08 169.39 OK
r-release-macos-arm64 0.99.5 NOTE
r-release-macos-x86_64 0.99.5 OK
r-release-windows-ix86+x86_64 0.99.5 369.00 75.00 444.00 OK
r-oldrel-macos-x86_64 0.99.5 OK
r-oldrel-windows-ix86+x86_64 0.99.5 368.00 78.00 446.00 OK

Check Details

Version: 0.99.5
Check: installed package size
Result: NOTE
     installed size is 5.2Mb
     sub-directories of 1Mb or more:
     libs 4.9Mb
Flavor: r-release-macos-arm64