Last updated on 2022-08-12 09:52:01 CEST.
Flavor | Version | Tinstall | Tcheck | Ttotal | Status | Flags |
---|---|---|---|---|---|---|
r-devel-linux-x86_64-debian-clang | 0.0.8 | 30.78 | 26.89 | 57.67 | NOTE | |
r-devel-linux-x86_64-debian-gcc | 0.0.8 | 30.20 | 21.98 | 52.18 | NOTE | |
r-devel-linux-x86_64-fedora-clang | 0.0.8 | 106.65 | NOTE | |||
r-devel-linux-x86_64-fedora-gcc | 0.0.8 | 93.70 | NOTE | |||
r-devel-windows-x86_64 | 0.0.8 | 26.00 | 74.00 | 100.00 | NOTE | |
r-patched-linux-x86_64 | 0.0.8 | 31.11 | 27.79 | 58.90 | OK | |
r-release-linux-x86_64 | 0.0.8 | 33.38 | 28.28 | 61.66 | OK | |
r-release-macos-arm64 | 0.0.8 | 34.00 | NOTE | |||
r-release-macos-x86_64 | 0.0.8 | 39.00 | NOTE | |||
r-release-windows-x86_64 | 0.0.8 | 30.00 | 72.00 | 102.00 | OK | |
r-oldrel-macos-arm64 | 0.0.8 | 41.00 | NOTE | |||
r-oldrel-macos-x86_64 | 0.0.8 | 54.00 | NOTE | |||
r-oldrel-windows-ix86+x86_64 | 0.0.8 | 74.00 | 81.00 | 155.00 | OK |
Version: 0.0.8
Check: Rd files
Result: NOTE
checkRd: (-1) Lemons.Rd:3: Escaped LaTeX specials: \&
checkRd: (-1) Lemons.Rd:5: Escaped LaTeX specials: \&
Flavors: r-devel-linux-x86_64-debian-clang, r-devel-linux-x86_64-debian-gcc, r-devel-linux-x86_64-fedora-clang, r-devel-linux-x86_64-fedora-gcc, r-devel-windows-x86_64
Version: 0.0.8
Check: installed package size
Result: NOTE
installed size is 16.6Mb
sub-directories of 1Mb or more:
libs 16.4Mb
Flavors: r-devel-linux-x86_64-fedora-clang, r-release-macos-arm64, r-release-macos-x86_64, r-oldrel-macos-arm64, r-oldrel-macos-x86_64