CRAN Package Check Results for Package FastKM

Last updated on 2021-07-26 19:49:17 CEST.

Flavor Version Tinstall Tcheck Ttotal Status Flags
r-devel-linux-x86_64-debian-clang 1.0 6.37 65.70 72.07 NOTE
r-devel-linux-x86_64-debian-gcc 1.0 6.69 51.57 58.26 NOTE
r-devel-linux-x86_64-fedora-clang 1.0 97.96 NOTE
r-devel-linux-x86_64-fedora-gcc 1.0 85.32 NOTE
r-devel-windows-x86_64 1.0 12.00 83.00 95.00 NOTE
r-devel-windows-x86_64-gcc10-UCRT 1.0 NOTE
r-patched-linux-x86_64 1.0 7.20 63.10 70.30 NOTE
r-patched-solaris-x86 1.0 127.90 NOTE
r-release-linux-x86_64 1.0 7.49 63.70 71.19 NOTE
r-release-macos-arm64 1.0 NOTE
r-release-macos-x86_64 1.0 NOTE
r-release-windows-ix86+x86_64 1.0 16.00 59.00 75.00 NOTE
r-oldrel-macos-x86_64 1.0 NOTE
r-oldrel-windows-ix86+x86_64 1.0 14.00 84.00 98.00 NOTE

Check Details

Version: 1.0
Check: package dependencies
Result: NOTE
    Package suggested but not available for checking: 'coxKM'
Flavors: r-devel-linux-x86_64-debian-clang, r-devel-linux-x86_64-debian-gcc, r-devel-linux-x86_64-fedora-clang, r-devel-linux-x86_64-fedora-gcc, r-devel-windows-x86_64, r-devel-windows-x86_64-gcc10-UCRT, r-patched-linux-x86_64, r-patched-solaris-x86, r-release-linux-x86_64, r-release-macos-arm64, r-release-macos-x86_64, r-release-windows-ix86+x86_64, r-oldrel-macos-x86_64, r-oldrel-windows-ix86+x86_64