CRAN Package Check Results for Package FamilyRank

Last updated on 2022-01-28 00:48:54 CET.

Flavor Version Tinstall Tcheck Ttotal Status Flags
r-devel-linux-x86_64-debian-clang 1.0 27.59 40.29 67.88 NOTE
r-devel-linux-x86_64-debian-gcc 1.0 23.78 32.02 55.80 NOTE
r-devel-linux-x86_64-fedora-clang 1.0 96.62 NOTE
r-devel-linux-x86_64-fedora-gcc 1.0 79.51 NOTE
r-devel-windows-x86_64-new-UL 1.0 49.00 81.00 130.00 NOTE
r-devel-windows-x86_64-new-TK 1.0 NOTE
r-patched-linux-x86_64 1.0 29.73 38.58 68.31 NOTE
r-release-linux-x86_64 1.0 24.77 38.58 63.35 NOTE
r-release-macos-arm64 1.0 NOTE
r-release-macos-x86_64 1.0 NOTE
r-release-windows-ix86+x86_64 1.0 75.00 76.00 151.00 NOTE
r-oldrel-macos-x86_64 1.0 OK
r-oldrel-windows-ix86+x86_64 1.0 74.00 77.00 151.00 OK

Check Details

Version: 1.0
Check: LazyData
Result: NOTE
     'LazyData' is specified without a 'data' directory
Flavors: r-devel-linux-x86_64-debian-clang, r-devel-linux-x86_64-debian-gcc, r-devel-linux-x86_64-fedora-clang, r-devel-linux-x86_64-fedora-gcc, r-devel-windows-x86_64-new-UL, r-devel-windows-x86_64-new-TK, r-patched-linux-x86_64, r-release-linux-x86_64, r-release-macos-arm64, r-release-macos-x86_64, r-release-windows-ix86+x86_64