CRAN Package Check Results for Package Familias

Last updated on 2021-11-29 23:50:37 CET.

Flavor Version Tinstall Tcheck Ttotal Status Flags
r-devel-linux-x86_64-debian-clang 2.4 25.83 67.10 92.93 OK
r-devel-linux-x86_64-debian-gcc 2.4 17.98 53.94 71.92 OK
r-devel-linux-x86_64-fedora-clang 2.4 156.07 NOTE
r-devel-linux-x86_64-fedora-gcc 2.4 113.76 NOTE
r-devel-windows-x86_64-new-UL 2.4 50.00 127.00 177.00 OK
r-devel-windows-x86_64-new-TK 2.4 OK
r-devel-windows-x86_64-old 2.4 39.00 79.00 118.00 OK
r-patched-linux-x86_64 2.4 22.11 65.14 87.25 OK
r-patched-solaris-x86 2.4 193.60 OK
r-release-linux-x86_64 2.4 25.44 64.81 90.25 OK
r-release-macos-arm64 2.4 OK
r-release-macos-x86_64 2.4 OK
r-release-windows-ix86+x86_64 2.4 70.00 97.00 167.00 OK
r-oldrel-macos-x86_64 2.4 OK
r-oldrel-windows-ix86+x86_64 2.4 53.00 130.00 183.00 OK

Additional issues

clang-UBSAN gcc-UBSAN

Check Details

Version: 2.4
Check: compiled code
Result: NOTE
    File ‘Familias/libs/Familias.so’:
     Found no calls to: ‘R_registerRoutines’, ‘R_useDynamicSymbols’
    
    It is good practice to register native routines and to disable symbol
    search.
    
    See ‘Writing portable packages’ in the ‘Writing R Extensions’ manual.
Flavors: r-devel-linux-x86_64-fedora-clang, r-devel-linux-x86_64-fedora-gcc