CRAN Package Check Results for Package FRAPO

Last updated on 2024-07-24 06:57:15 CEST.

Flavor Version Tinstall Tcheck Ttotal Status Flags
r-devel-linux-x86_64-debian-clang 0.4-1 15.50 93.72 109.22 NOTE
r-devel-linux-x86_64-debian-gcc 0.4-1 11.10 68.10 79.20 NOTE
r-devel-linux-x86_64-fedora-clang 0.4-1 132.01 NOTE
r-devel-linux-x86_64-fedora-gcc 0.4-1 123.75 NOTE
r-devel-windows-x86_64 0.4-1 13.00 86.00 99.00 NOTE
r-patched-linux-x86_64 0.4-1 17.63 87.15 104.78 NOTE
r-release-linux-x86_64 0.4-1 13.92 87.07 100.99 NOTE
r-release-macos-arm64 0.4-1 37.00 NOTE
r-release-macos-x86_64 0.4-1 56.00 NOTE
r-release-windows-x86_64 0.4-1 12.00 86.00 98.00 NOTE
r-oldrel-macos-arm64 0.4-1 38.00 NOTE
r-oldrel-macos-x86_64 0.4-1 66.00 NOTE
r-oldrel-windows-x86_64 0.4-1 17.00 101.00 118.00 NOTE

Check Details

Version: 0.4-1
Check: Rd files
Result: NOTE checkRd: (-1) MultiAsset.Rd:26: Escaped LaTeX specials: \& Flavors: r-devel-linux-x86_64-debian-clang, r-devel-linux-x86_64-debian-gcc, r-devel-linux-x86_64-fedora-clang, r-devel-linux-x86_64-fedora-gcc, r-devel-windows-x86_64, r-patched-linux-x86_64, r-release-linux-x86_64, r-release-macos-arm64, r-release-macos-x86_64, r-release-windows-x86_64, r-oldrel-macos-arm64, r-oldrel-macos-x86_64, r-oldrel-windows-x86_64