CRAN Package Check Results for Package FLightR

Last updated on 2021-10-18 04:54:19 CEST.

Flavor Version Tinstall Tcheck Ttotal Status Flags
r-devel-linux-x86_64-debian-clang 0.5.1 9.87 244.24 254.11 OK
r-devel-linux-x86_64-debian-gcc 0.5.1 8.86 175.86 184.72 OK
r-devel-linux-x86_64-fedora-clang 0.5.1 301.20 NOTE
r-devel-linux-x86_64-fedora-gcc 0.5.1 293.23 NOTE
r-devel-windows-x86_64 0.5.1 17.00 336.00 353.00 OK
r-devel-windows-x86_64-gcc10-UCRT 0.5.1 NOTE
r-patched-linux-x86_64 0.5.1 11.47 232.90 244.37 OK
r-patched-solaris-x86 0.5.1 433.60 NOTE
r-release-linux-x86_64 0.5.1 11.00 230.98 241.98 OK
r-release-macos-arm64 0.5.1 NOTE
r-release-macos-x86_64 0.5.1 NOTE
r-release-windows-ix86+x86_64 0.5.1 17.00 326.00 343.00 OK
r-oldrel-macos-x86_64 0.5.1 NOTE
r-oldrel-windows-ix86+x86_64 0.5.1 18.00 365.00 383.00 OK

Check Details

Version: 0.5.1
Check: dependencies in R code
Result: NOTE
    Namespace in Imports field not imported from: ‘rgdal’
     All declared Imports should be used.
Flavors: r-devel-linux-x86_64-fedora-clang, r-devel-linux-x86_64-fedora-gcc, r-devel-windows-x86_64-gcc10-UCRT, r-patched-solaris-x86, r-release-macos-arm64, r-release-macos-x86_64, r-oldrel-macos-x86_64