Last updated on 2023-03-29 04:51:10 CEST.
Flavor | Version | Tinstall | Tcheck | Ttotal | Status | Flags |
---|---|---|---|---|---|---|
r-devel-linux-x86_64-debian-clang | 9.1.1 | 356.37 | 60.64 | 417.01 | NOTE | |
r-devel-linux-x86_64-debian-gcc | 9.1.1 | 327.20 | 47.87 | 375.07 | NOTE | |
r-devel-linux-x86_64-fedora-clang | 9.1.1 | 684.62 | NOTE | |||
r-devel-linux-x86_64-fedora-gcc | 9.1.1 | 641.75 | NOTE | |||
r-devel-windows-x86_64 | 9.1.1 | 305.00 | 0.00 | 305.00 | NOTE | |
r-patched-linux-x86_64 | 9.1.1 | 341.80 | 57.80 | 399.60 | NOTE | |
r-release-linux-x86_64 | 9.1.1 | 324.17 | 57.61 | 381.78 | NOTE | |
r-release-macos-arm64 | 9.1.1 | 184.00 | NOTE | |||
r-release-macos-x86_64 | 9.1.1 | 99.00 | ERROR | |||
r-release-windows-x86_64 | 9.1.1 | 365.00 | 118.00 | 483.00 | NOTE | |
r-oldrel-macos-arm64 | 9.1.1 | 178.00 | NOTE | |||
r-oldrel-macos-x86_64 | 9.1.1 | 105.00 | ERROR | |||
r-oldrel-windows-ix86+x86_64 | 9.1.1 | 836.00 | 127.00 | 963.00 | NOTE |
Version: 9.1.1
Check: C++ specification
Result: NOTE
Specified C++11: please drop specification unless essential
Flavors: r-devel-linux-x86_64-debian-clang, r-devel-linux-x86_64-debian-gcc, r-devel-linux-x86_64-fedora-clang, r-devel-linux-x86_64-fedora-gcc, r-devel-windows-x86_64, r-patched-linux-x86_64
Version: 9.1.1
Check: for GNU extensions in Makefiles
Result: NOTE
GNU make is a SystemRequirements.
Flavors: r-devel-linux-x86_64-debian-clang, r-devel-linux-x86_64-debian-gcc, r-devel-linux-x86_64-fedora-clang, r-devel-linux-x86_64-fedora-gcc, r-devel-windows-x86_64, r-patched-linux-x86_64, r-release-linux-x86_64, r-release-macos-arm64, r-release-windows-x86_64, r-oldrel-macos-arm64, r-oldrel-windows-ix86+x86_64
Version: 9.1.1
Check: installed package size
Result: NOTE
installed size is 26.0Mb
sub-directories of 1Mb or more:
libs 25.7Mb
Flavors: r-release-macos-arm64, r-oldrel-macos-arm64, r-oldrel-windows-ix86+x86_64
Version: 9.1.1
Check: whether package can be installed
Result: ERROR
Installation failed.
Flavors: r-release-macos-x86_64, r-oldrel-macos-x86_64