CRAN Package Check Results for Package FKSUM

Last updated on 2021-07-25 07:50:01 CEST.

Flavor Version Tinstall Tcheck Ttotal Status Flags
r-devel-linux-x86_64-debian-clang 0.1.4 53.24 80.66 133.90 NOTE
r-devel-linux-x86_64-debian-gcc 0.1.4 34.79 61.37 96.16 NOTE
r-devel-linux-x86_64-fedora-clang 0.1.4 175.56 NOTE
r-devel-linux-x86_64-fedora-gcc 0.1.4 160.45 NOTE
r-devel-windows-x86_64 0.1.4 55.00 90.00 145.00 NOTE
r-devel-windows-x86_64-gcc10-UCRT 0.1.4 NOTE
r-patched-linux-x86_64 0.1.4 42.04 77.49 119.53 NOTE
r-patched-solaris-x86 0.1.4 191.00 NOTE
r-release-linux-x86_64 0.1.4 40.20 77.50 117.70 NOTE
r-release-macos-arm64 0.1.4 NOTE
r-release-macos-x86_64 0.1.4 NOTE
r-release-windows-ix86+x86_64 0.1.4 119.00 153.00 272.00 NOTE
r-oldrel-macos-x86_64 0.1.4 OK
r-oldrel-windows-ix86+x86_64 0.1.4 123.00 153.00 276.00 OK

Check Details

Version: 0.1.4
Check: LazyData
Result: NOTE
     'LazyData' is specified without a 'data' directory
Flavors: r-devel-linux-x86_64-debian-clang, r-devel-linux-x86_64-debian-gcc, r-devel-linux-x86_64-fedora-clang, r-devel-linux-x86_64-fedora-gcc, r-devel-windows-x86_64, r-devel-windows-x86_64-gcc10-UCRT, r-patched-linux-x86_64, r-patched-solaris-x86, r-release-linux-x86_64, r-release-macos-arm64, r-release-macos-x86_64, r-release-windows-ix86+x86_64