CRAN Package Check Results for Package FILEST

Last updated on 2021-07-25 07:50:01 CEST.

Flavor Version Tinstall Tcheck Ttotal Status Flags
r-devel-linux-x86_64-debian-clang 1.1.2 7.88 72.68 80.56 NOTE
r-devel-linux-x86_64-debian-gcc 1.1.2 6.72 56.55 63.27 NOTE
r-devel-linux-x86_64-fedora-clang 1.1.2 105.05 NOTE
r-devel-linux-x86_64-fedora-gcc 1.1.2 94.17 NOTE
r-devel-windows-x86_64 1.1.2 9.00 71.00 80.00 NOTE
r-devel-windows-x86_64-gcc10-UCRT 1.1.2 NOTE
r-patched-linux-x86_64 1.1.2 8.28 69.14 77.42 NOTE
r-patched-solaris-x86 1.1.2 147.10 NOTE
r-release-linux-x86_64 1.1.2 6.32 70.14 76.46 NOTE
r-release-macos-arm64 1.1.2 NOTE
r-release-macos-x86_64 1.1.2 NOTE
r-release-windows-ix86+x86_64 1.1.2 17.00 67.00 84.00 NOTE
r-oldrel-macos-x86_64 1.1.2 OK
r-oldrel-windows-ix86+x86_64 1.1.2 17.00 89.00 106.00 OK

Check Details

Version: 1.1.2
Check: LazyData
Result: NOTE
     'LazyData' is specified without a 'data' directory
Flavors: r-devel-linux-x86_64-debian-clang, r-devel-linux-x86_64-debian-gcc, r-devel-linux-x86_64-fedora-clang, r-devel-linux-x86_64-fedora-gcc, r-devel-windows-x86_64, r-devel-windows-x86_64-gcc10-UCRT, r-patched-linux-x86_64, r-patched-solaris-x86, r-release-linux-x86_64, r-release-macos-arm64, r-release-macos-x86_64, r-release-windows-ix86+x86_64