CRAN Package Check Results for Package FGSG

Last updated on 2021-12-07 23:54:28 CET.

Flavor Version Tinstall Tcheck Ttotal Status Flags
r-devel-linux-x86_64-debian-clang 1.0.2 6.25 29.51 35.76 OK
r-devel-linux-x86_64-debian-gcc 1.0.2 3.90 23.84 27.74 OK
r-devel-linux-x86_64-fedora-clang 1.0.2 45.25 NOTE
r-devel-linux-x86_64-fedora-gcc 1.0.2 32.92 NOTE
r-devel-windows-x86_64-new-UL 1.0.2 10.00 62.00 72.00 WARN
r-devel-windows-x86_64-new-TK 1.0.2 WARN
r-devel-windows-x86_64-old 1.0.2 8.00 34.00 42.00 WARN
r-patched-linux-x86_64 1.0.2 4.76 29.10 33.86 OK
r-release-linux-x86_64 1.0.2 4.10 28.56 32.66 OK
r-release-macos-arm64 1.0.2 OK
r-release-macos-x86_64 1.0.2 OK
r-release-windows-ix86+x86_64 1.0.2 13.00 41.00 54.00 WARN
r-oldrel-macos-x86_64 1.0.2 OK
r-oldrel-windows-ix86+x86_64 1.0.2 13.00 40.00 53.00 WARN

Check Details

Version: 1.0.2
Check: compiled code
Result: NOTE
    File ‘FGSG/libs/FGSG.so’:
     Found no calls to: ‘R_registerRoutines’, ‘R_useDynamicSymbols’
    
    It is good practice to register native routines and to disable symbol
    search.
    
    See ‘Writing portable packages’ in the ‘Writing R Extensions’ manual.
Flavors: r-devel-linux-x86_64-fedora-clang, r-devel-linux-x86_64-fedora-gcc

Version: 1.0.2
Check: whether package can be installed
Result: WARN
    Found the following significant warnings:
     fgsg.h:96:61: warning: passing argument 8 of 'dpotrs_' from incompatible pointer type [-Wincompatible-pointer-types]
     fgsg.h:202:41: warning: passing argument 5 of 'dpotrf_' from incompatible pointer type [-Wincompatible-pointer-types]
     fgsg.h:347:41: warning: passing argument 5 of 'dpotrf_' from incompatible pointer type [-Wincompatible-pointer-types]
     fgsg.h:460:41: warning: passing argument 5 of 'dpotrf_' from incompatible pointer type [-Wincompatible-pointer-types]
     fgsg.h:516:61: warning: passing argument 8 of 'dpotrs_' from incompatible pointer type [-Wincompatible-pointer-types]
     fgsg.h:636:41: warning: passing argument 5 of 'dpotrf_' from incompatible pointer type [-Wincompatible-pointer-types]
     fgsg.h:717:41: warning: passing argument 5 of 'dpotrf_' from incompatible pointer type [-Wincompatible-pointer-types]
     fgsg.h:852:41: warning: passing argument 5 of 'dpotrf_' from incompatible pointer type [-Wincompatible-pointer-types]
     fgsg.h:996:41: warning: passing argument 5 of 'dpotrf_' from incompatible pointer type [-Wincompatible-pointer-types]
Flavors: r-devel-windows-x86_64-new-UL, r-devel-windows-x86_64-new-TK, r-devel-windows-x86_64-old, r-release-windows-ix86+x86_64, r-oldrel-windows-ix86+x86_64