Last updated on 2023-05-31 23:27:19 CEST.
Flavor | Version | Tinstall | Tcheck | Ttotal | Status | Flags |
---|---|---|---|---|---|---|
r-devel-linux-x86_64-debian-clang | 0.1.0 | 49.58 | 509.21 | 558.79 | NOTE | |
r-devel-linux-x86_64-debian-gcc | 0.1.0 | 40.65 | 1012.49 | 1053.14 | NOTE | |
r-devel-linux-x86_64-fedora-clang | 0.1.0 | 486.92 | NOTE | |||
r-devel-linux-x86_64-fedora-gcc | 0.1.0 | 655.15 | NOTE | |||
r-devel-windows-x86_64 | 0.1.0 | 40.00 | 265.00 | 305.00 | NOTE | |
r-patched-linux-x86_64 | 0.1.0 | NOTE | ||||
r-release-linux-x86_64 | 0.1.0 | 43.64 | 649.29 | 692.93 | NOTE | |
r-release-macos-arm64 | 0.1.0 | 168.00 | NOTE | |||
r-release-macos-x86_64 | 0.1.0 | 240.00 | NOTE | |||
r-release-windows-x86_64 | 0.1.0 | 51.00 | 281.00 | 332.00 | NOTE | |
r-oldrel-macos-arm64 | 0.1.0 | 148.00 | OK | |||
r-oldrel-macos-x86_64 | 0.1.0 | 148.00 | OK | |||
r-oldrel-windows-x86_64 | 0.1.0 | 48.00 | 280.00 | 328.00 | OK |
Version: 0.1.0
Check: C++ specification
Result: NOTE
Specified C++11: please drop specification unless essential
Flavors: r-devel-linux-x86_64-debian-clang, r-devel-linux-x86_64-debian-gcc, r-devel-linux-x86_64-fedora-clang, r-devel-linux-x86_64-fedora-gcc, r-devel-windows-x86_64, r-patched-linux-x86_64, r-release-linux-x86_64, r-release-macos-arm64, r-release-macos-x86_64, r-release-windows-x86_64