CRAN Package Check Results for Package FCSlib

Last updated on 2021-07-29 07:49:28 CEST.

Flavor Version Tinstall Tcheck Ttotal Status Flags
r-devel-linux-x86_64-debian-clang 1.3.0 OK
r-devel-linux-x86_64-debian-gcc 1.3.0 9.15 56.05 65.20 OK
r-devel-linux-x86_64-fedora-clang 1.3.0 110.89 OK
r-devel-linux-x86_64-fedora-gcc 1.3.0 96.67 OK
r-devel-windows-x86_64 1.3.0 13.00 100.00 113.00 OK
r-devel-windows-x86_64-gcc10-UCRT 1.3.0 OK
r-patched-linux-x86_64 1.3.0 15.71 70.82 86.53 OK
r-patched-solaris-x86 1.3.0 142.00 NOTE
r-release-linux-x86_64 1.3.0 8.56 70.61 79.17 OK
r-release-macos-arm64 1.3.0 NOTE
r-release-macos-x86_64 1.3.0 OK
r-release-windows-ix86+x86_64 1.3.0 23.00 94.00 117.00 OK
r-oldrel-macos-x86_64 1.3.0 OK
r-oldrel-windows-ix86+x86_64 1.3.0 24.00 95.00 119.00 OK

Check Details

Version: 1.3.0
Check: installed package size
Result: NOTE
     installed size is 5.1Mb
     sub-directories of 1Mb or more:
     data 4.9Mb
Flavors: r-patched-solaris-x86, r-release-macos-arm64