CRAN Package Check Results for Package FBFsearch

Last updated on 2022-01-28 00:48:54 CET.

Flavor Version Tinstall Tcheck Ttotal Status Flags
r-devel-linux-x86_64-debian-clang 1.1 24.44 41.66 66.10 OK
r-devel-linux-x86_64-debian-gcc 1.1 20.32 33.63 53.95 OK
r-devel-linux-x86_64-fedora-clang 1.1 89.46 NOTE
r-devel-linux-x86_64-fedora-gcc 1.1 77.53 NOTE
r-devel-windows-x86_64-new-UL 1.1 41.00 83.00 124.00 OK
r-devel-windows-x86_64-new-TK 1.1 OK
r-patched-linux-x86_64 1.1 24.28 39.83 64.11 OK
r-release-linux-x86_64 1.1 26.07 39.47 65.54 OK
r-release-macos-arm64 1.1 NOTE
r-release-macos-x86_64 1.1 NOTE
r-release-windows-ix86+x86_64 1.1 67.00 79.00 146.00 NOTE
r-oldrel-macos-x86_64 1.1 NOTE
r-oldrel-windows-ix86+x86_64 1.1 65.00 79.00 144.00 NOTE

Additional issues

clang-UBSAN

Check Details

Version: 1.1
Check: installed package size
Result: NOTE
     installed size is 5.4Mb
     sub-directories of 1Mb or more:
     data 3.5Mb
     libs 1.8Mb
Flavors: r-devel-linux-x86_64-fedora-clang, r-release-macos-arm64, r-release-macos-x86_64, r-release-windows-ix86+x86_64, r-oldrel-macos-x86_64, r-oldrel-windows-ix86+x86_64

Version: 1.1
Check: compiled code
Result: NOTE
    File ‘FBFsearch/libs/FBFsearch.so’:
     Found no calls to: ‘R_registerRoutines’, ‘R_useDynamicSymbols’
    
    It is good practice to register native routines and to disable symbol
    search.
    
    See ‘Writing portable packages’ in the ‘Writing R Extensions’ manual.
Flavors: r-devel-linux-x86_64-fedora-clang, r-devel-linux-x86_64-fedora-gcc