CRAN Package Check Results for Package FAMoS

Last updated on 2022-07-07 05:56:01 CEST.

Flavor Version Tinstall Tcheck Ttotal Status Flags
r-devel-linux-x86_64-debian-clang 0.3.0 3.54 39.17 42.71 OK
r-devel-linux-x86_64-debian-gcc 0.3.0 3.42 29.95 33.37 OK
r-devel-linux-x86_64-fedora-clang 0.3.0 66.50 OK
r-devel-linux-x86_64-fedora-gcc 0.3.0 60.89 OK
r-devel-windows-x86_64 0.3.0 57.00 70.00 127.00 OK
r-patched-linux-x86_64 0.3.0 6.41 37.38 43.79 OK
r-release-linux-x86_64 0.3.0 3.23 36.80 40.03 OK
r-release-macos-arm64 0.3.0 24.00 OK
r-release-macos-x86_64 0.3.0 29.00 OK
r-release-windows-x86_64 0.3.0 33.00 73.00 106.00 OK
r-oldrel-macos-arm64 0.3.0 27.00 OK
r-oldrel-macos-x86_64 0.3.0 35.00 OK
r-oldrel-windows-ix86+x86_64 0.3.0 8.00 60.00 68.00 WARN

Check Details

Version: 0.3.0
Check: re-building of vignette outputs
Result: WARN
    Error(s) in re-building vignettes:
    --- re-building 'FAMoS-EvaluationFunctions.Rmd' using rmarkdown
    Error: processing vignette 'FAMoS-EvaluationFunctions.Rmd' failed with diagnostics:
    only `math_method = 'mathjax'` is supported with earlier version than Pandoc 2.0
    --- failed re-building 'FAMoS-EvaluationFunctions.Rmd'
    
    --- re-building 'FAMoS-Examples.Rmd' using rmarkdown
    Error: processing vignette 'FAMoS-Examples.Rmd' failed with diagnostics:
    only `math_method = 'mathjax'` is supported with earlier version than Pandoc 2.0
    --- failed re-building 'FAMoS-Examples.Rmd'
    
    SUMMARY: processing the following files failed:
     'FAMoS-EvaluationFunctions.Rmd' 'FAMoS-Examples.Rmd'
    
    Error: Vignette re-building failed.
    Execution halted
Flavor: r-oldrel-windows-ix86+x86_64