CRAN Package Check Results for Package FAMetA

Last updated on 2022-07-01 17:54:07 CEST.

Flavor Version Tinstall Tcheck Ttotal Status Flags
r-devel-linux-x86_64-debian-clang 0.1.4 11.10 96.02 107.12 OK
r-devel-linux-x86_64-debian-gcc 0.1.4 10.06 72.78 82.84 OK
r-devel-linux-x86_64-fedora-clang 0.1.4 137.58 WARN
r-devel-linux-x86_64-fedora-gcc 0.1.4 137.84 WARN
r-devel-windows-x86_64 0.1.4 27.00 118.00 145.00 OK
r-patched-linux-x86_64 0.1.4 13.70 91.56 105.26 OK
r-release-linux-x86_64 0.1.4 7.44 90.09 97.53 OK
r-release-macos-arm64 0.1.4 35.00 OK
r-release-macos-x86_64 0.1.4 70.00 OK
r-release-windows-x86_64 0.1.4 32.00 110.00 142.00 OK
r-oldrel-macos-arm64 0.1.4 41.00 OK
r-oldrel-macos-x86_64 0.1.4 52.00 OK
r-oldrel-windows-ix86+x86_64 0.1.4 28.00 120.00 148.00 OK

Check Details

Version: 0.1.4
Check: package dependencies
Result: WARN
    Requires orphaned package: ‘gtools’
Flavors: r-devel-linux-x86_64-fedora-clang, r-devel-linux-x86_64-fedora-gcc