CRAN Package Check Results for Package Exact

Last updated on 2021-11-29 12:00:05 CET.

Flavor Version Tinstall Tcheck Ttotal Status Flags
r-devel-linux-x86_64-debian-clang 3.0 NOTE
r-devel-linux-x86_64-debian-gcc 3.1 4.09 29.43 33.52 NOTE
r-devel-linux-x86_64-fedora-clang 3.1 68.86 NOTE
r-devel-linux-x86_64-fedora-gcc 3.1 54.87 NOTE
r-devel-windows-x86_64-new-UL 3.0 11.00 69.00 80.00 NOTE
r-devel-windows-x86_64-new-TK 3.0 NOTE
r-devel-windows-x86_64-old 3.1 9.00 40.00 49.00 NOTE
r-patched-linux-x86_64 3.0 5.52 37.07 42.59 NOTE
r-patched-solaris-x86 3.1 73.20 NOTE
r-release-linux-x86_64 3.1 5.43 37.78 43.21 NOTE
r-release-macos-arm64 3.1 NOTE
r-release-macos-x86_64 3.1 NOTE
r-release-windows-ix86+x86_64 3.1 10.00 55.00 65.00 NOTE
r-oldrel-macos-x86_64 3.1 NOTE
r-oldrel-windows-ix86+x86_64 3.1 16.00 44.00 60.00 NOTE

Check Details

Version: 3.0
Check: package dependencies
Result: NOTE
    Package suggested but not available for checking: 'ExactData'
Flavors: r-devel-linux-x86_64-debian-clang, r-devel-windows-x86_64-new-UL, r-devel-windows-x86_64-new-TK, r-patched-linux-x86_64

Version: 3.1
Check: package dependencies
Result: NOTE
    Package suggested but not available for checking: ‘ExactData’
Flavors: r-devel-linux-x86_64-debian-gcc, r-devel-linux-x86_64-fedora-clang, r-devel-linux-x86_64-fedora-gcc, r-devel-windows-x86_64-old, r-patched-solaris-x86, r-release-linux-x86_64, r-release-macos-arm64, r-release-macos-x86_64, r-release-windows-ix86+x86_64, r-oldrel-macos-x86_64, r-oldrel-windows-ix86+x86_64