CRAN Package Check Results for Package Exact

Last updated on 2021-07-26 19:49:17 CEST.

Flavor Version Tinstall Tcheck Ttotal Status Flags
r-devel-linux-x86_64-debian-clang 2.1 3.18 34.08 37.26 NOTE
r-devel-linux-x86_64-debian-gcc 2.1 2.91 25.84 28.75 NOTE
r-devel-linux-x86_64-fedora-clang 2.1 56.10 NOTE
r-devel-linux-x86_64-fedora-gcc 2.1 45.03 NOTE
r-devel-windows-x86_64 2.1 6.00 35.00 41.00 NOTE
r-devel-windows-x86_64-gcc10-UCRT 2.1 NOTE
r-patched-linux-x86_64 2.1 3.55 32.41 35.96 NOTE
r-patched-solaris-x86 2.1 62.00 NOTE
r-release-linux-x86_64 2.1 3.65 32.67 36.32 NOTE
r-release-macos-arm64 2.1 NOTE
r-release-macos-x86_64 2.1 NOTE
r-release-windows-ix86+x86_64 2.1 6.00 42.00 48.00 NOTE
r-oldrel-macos-x86_64 2.1 OK
r-oldrel-windows-ix86+x86_64 2.1 6.00 46.00 52.00 OK

Check Details

Version: 2.1
Check: LazyData
Result: NOTE
     'LazyData' is specified without a 'data' directory
Flavors: r-devel-linux-x86_64-debian-clang, r-devel-linux-x86_64-debian-gcc, r-devel-linux-x86_64-fedora-clang, r-devel-linux-x86_64-fedora-gcc, r-devel-windows-x86_64, r-devel-windows-x86_64-gcc10-UCRT, r-patched-linux-x86_64, r-patched-solaris-x86, r-release-linux-x86_64, r-release-macos-arm64, r-release-macos-x86_64, r-release-windows-ix86+x86_64