CRAN Package Check Results for Package EvaluateCore

Last updated on 2021-10-21 04:58:29 CEST.

Flavor Version Tinstall Tcheck Ttotal Status Flags
r-devel-linux-x86_64-debian-clang 0.1.2 13.40 131.77 145.17 OK
r-devel-linux-x86_64-debian-gcc 0.1.2 11.34 101.97 113.31 OK
r-devel-linux-x86_64-fedora-clang 0.1.2 186.77 NOTE
r-devel-linux-x86_64-fedora-gcc 0.1.2 169.36 NOTE
r-devel-windows-x86_64 0.1.2 24.00 175.00 199.00 OK
r-devel-windows-x86_64-gcc10-UCRT 0.1.2 NOTE
r-patched-linux-x86_64 0.1.2 13.54 121.57 135.11 OK
r-patched-solaris-x86 0.1.2 256.80 NOTE
r-release-linux-x86_64 0.1.2 12.50 121.80 134.30 OK
r-release-macos-arm64 0.1.2 NOTE
r-release-macos-x86_64 0.1.2 NOTE
r-release-windows-ix86+x86_64 0.1.2 34.00 161.00 195.00 OK
r-oldrel-macos-x86_64 0.1.2 NOTE
r-oldrel-windows-ix86+x86_64 0.1.2 36.00 201.00 237.00 OK

Check Details

Version: 0.1.2
Check: dependencies in R code
Result: NOTE
    Namespace in Imports field not imported from: ‘mathjaxr’
     All declared Imports should be used.
Flavors: r-devel-linux-x86_64-fedora-clang, r-devel-linux-x86_64-fedora-gcc, r-devel-windows-x86_64-gcc10-UCRT, r-patched-solaris-x86, r-release-macos-arm64, r-release-macos-x86_64, r-oldrel-macos-x86_64

Version: 0.1.2
Check: package dependencies
Result: NOTE
    Package suggested but not available for checking: ‘corehunter’
Flavor: r-patched-solaris-x86