CRAN Package Check Results for Package EpistemicGameTheory

Last updated on 2021-09-26 04:50:30 CEST.

Flavor Version Tinstall Tcheck Ttotal Status Flags
r-devel-linux-x86_64-debian-clang 0.1.2 3.44 25.98 29.42 NOTE
r-devel-linux-x86_64-debian-gcc 0.1.2 2.65 20.48 23.13 NOTE
r-devel-linux-x86_64-fedora-clang 0.1.2 45.05 NOTE
r-devel-linux-x86_64-fedora-gcc 0.1.2 35.47 NOTE
r-devel-windows-x86_64 0.1.2 5.00 31.00 36.00 NOTE
r-devel-windows-x86_64-gcc10-UCRT 0.1.2 NOTE
r-patched-linux-x86_64 0.1.2 2.79 25.16 27.95 NOTE
r-patched-solaris-x86 0.1.2 49.60 NOTE
r-release-linux-x86_64 0.1.2 3.33 26.38 29.71 NOTE
r-release-macos-arm64 0.1.2 NOTE
r-release-macos-x86_64 0.1.2 NOTE
r-release-windows-ix86+x86_64 0.1.2 7.00 40.00 47.00 NOTE
r-oldrel-macos-x86_64 0.1.2 OK
r-oldrel-windows-ix86+x86_64 0.1.2 18.00 27.00 45.00 OK

Check Details

Version: 0.1.2
Check: LazyData
Result: NOTE
     'LazyData' is specified without a 'data' directory
Flavors: r-devel-linux-x86_64-debian-clang, r-devel-linux-x86_64-debian-gcc, r-devel-linux-x86_64-fedora-clang, r-devel-linux-x86_64-fedora-gcc, r-devel-windows-x86_64, r-devel-windows-x86_64-gcc10-UCRT, r-patched-linux-x86_64, r-patched-solaris-x86, r-release-linux-x86_64, r-release-macos-arm64, r-release-macos-x86_64, r-release-windows-ix86+x86_64