CRAN Package Check Results for Package EpiModel

Last updated on 2021-10-23 16:49:30 CEST.

Flavor Version Tinstall Tcheck Ttotal Status Flags
r-devel-linux-x86_64-debian-clang 2.1.0 25.22 279.47 304.69 NOTE
r-devel-linux-x86_64-debian-gcc 2.1.0 21.35 203.43 224.78 NOTE
r-devel-linux-x86_64-fedora-clang 2.1.0 372.97 OK
r-devel-linux-x86_64-fedora-gcc 2.1.0 366.61 NOTE
r-devel-windows-x86_64 2.1.0 40.00 345.00 385.00 OK
r-devel-windows-x86_64-gcc10-UCRT 2.1.0 OK
r-patched-linux-x86_64 2.1.0 30.11 259.26 289.37 OK
r-patched-solaris-x86 2.1.0 430.00 NOTE
r-release-linux-x86_64 2.1.0 25.16 263.07 288.23 OK
r-release-macos-arm64 2.1.0 OK
r-release-macos-x86_64 2.1.0 OK
r-release-windows-ix86+x86_64 2.1.0 38.00 508.00 546.00 OK
r-oldrel-macos-x86_64 2.1.0 OK
r-oldrel-windows-ix86+x86_64 2.1.0 52.00 552.00 604.00 OK

Check Details

Version: 2.1.0
Check: package dependencies
Result: NOTE
    Package suggested but not available for checking: 'ndtv'
Flavors: r-devel-linux-x86_64-debian-clang, r-devel-linux-x86_64-debian-gcc, r-devel-linux-x86_64-fedora-gcc, r-patched-solaris-x86