CRAN Package Check Results for Package EpiModel

Last updated on 2021-07-24 07:49:24 CEST.

Flavor Version Tinstall Tcheck Ttotal Status Flags
r-devel-linux-x86_64-debian-clang 2.1.0 25.26 281.95 307.21 NOTE
r-devel-linux-x86_64-debian-gcc 2.1.0 20.31 206.79 227.10 NOTE
r-devel-linux-x86_64-fedora-clang 2.1.0 374.66 NOTE
r-devel-linux-x86_64-fedora-gcc 2.1.0 367.32 NOTE
r-devel-windows-x86_64 2.1.0 34.00 233.00 267.00 OK
r-devel-windows-x86_64-gcc10-UCRT 2.1.0 NOTE
r-patched-linux-x86_64 2.1.0 29.30 269.48 298.78 NOTE
r-patched-solaris-x86 2.1.0 414.90 NOTE
r-release-linux-x86_64 2.1.0 23.85 264.69 288.54 NOTE
r-release-macos-arm64 2.1.0 OK
r-release-macos-x86_64 2.1.0 OK
r-release-windows-ix86+x86_64 2.1.0 52.00 501.00 553.00 OK
r-oldrel-macos-x86_64 2.1.0 OK
r-oldrel-windows-ix86+x86_64 2.1.0 53.00 490.00 543.00 OK

Check Details

Version: 2.1.0
Check: package dependencies
Result: NOTE
    Package suggested but not available for checking: 'ndtv'
Flavors: r-devel-linux-x86_64-debian-clang, r-devel-linux-x86_64-debian-gcc, r-devel-linux-x86_64-fedora-clang, r-devel-linux-x86_64-fedora-gcc, r-devel-windows-x86_64-gcc10-UCRT, r-patched-linux-x86_64, r-patched-solaris-x86, r-release-linux-x86_64