CRAN Package Check Results for Package EnvStats

Last updated on 2021-09-17 04:49:18 CEST.

Flavor Version Tinstall Tcheck Ttotal Status Flags
r-devel-linux-x86_64-debian-clang 2.4.0 66.72 470.59 537.31 OK
r-devel-linux-x86_64-debian-gcc 2.4.0 54.44 330.97 385.41 OK
r-devel-linux-x86_64-fedora-clang 2.4.0 652.85 NOTE
r-devel-linux-x86_64-fedora-gcc 2.4.0 637.68 OK
r-devel-windows-x86_64 2.4.0 71.00 550.00 621.00 NOTE
r-devel-windows-x86_64-gcc10-UCRT 2.4.0 OK
r-patched-linux-x86_64 2.4.0 84.71 436.31 521.02 OK
r-patched-solaris-x86 2.4.0 681.50 NOTE
r-release-linux-x86_64 2.4.0 62.65 434.60 497.25 OK
r-release-macos-arm64 2.4.0 NOTE
r-release-macos-x86_64 2.4.0 NOTE
r-release-windows-ix86+x86_64 2.4.0 108.00 507.00 615.00 NOTE
r-oldrel-macos-x86_64 2.4.0 NOTE
r-oldrel-windows-ix86+x86_64 2.4.0 77.00 472.00 549.00 NOTE

Check Details

Version: 2.4.0
Check: installed package size
Result: NOTE
     installed size is 6.4Mb
     sub-directories of 1Mb or more:
     R 2.3Mb
     help 3.4Mb
Flavors: r-devel-linux-x86_64-fedora-clang, r-devel-windows-x86_64, r-patched-solaris-x86, r-release-macos-arm64, r-release-macos-x86_64, r-release-windows-ix86+x86_64, r-oldrel-macos-x86_64, r-oldrel-windows-ix86+x86_64

Version: 2.4.0
Check: Rd cross-references
Result: NOTE
    Undeclared package ‘Hmisc’ in Rd xrefs
Flavor: r-devel-linux-x86_64-fedora-clang