CRAN Package Check Results for Package EntropyEstimation

Last updated on 2021-12-07 23:54:27 CET.

Flavor Version Tinstall Tcheck Ttotal Status Flags
r-devel-linux-x86_64-debian-clang 1.2 3.22 29.41 32.63 OK
r-devel-linux-x86_64-debian-gcc 1.2 2.46 22.88 25.34 OK
r-devel-linux-x86_64-fedora-clang 1.2 41.39 NOTE
r-devel-linux-x86_64-fedora-gcc 1.2 29.67 NOTE
r-devel-windows-x86_64-new-UL 1.2 11.00 55.00 66.00 OK
r-devel-windows-x86_64-new-TK 1.2 OK
r-devel-windows-x86_64-old 1.2 6.00 38.00 44.00 OK
r-patched-linux-x86_64 1.2 3.27 27.96 31.23 OK
r-release-linux-x86_64 1.2 2.64 27.82 30.46 OK
r-release-macos-arm64 1.2 OK
r-release-macos-x86_64 1.2 OK
r-release-windows-ix86+x86_64 1.2 12.00 40.00 52.00 OK
r-oldrel-macos-x86_64 1.2 OK
r-oldrel-windows-ix86+x86_64 1.2 7.00 41.00 48.00 OK

Check Details

Version: 1.2
Check: compiled code
Result: NOTE
    File ‘EntropyEstimation/libs/EntropyEstimation.so’:
     Found no calls to: ‘R_registerRoutines’, ‘R_useDynamicSymbols’
    
    It is good practice to register native routines and to disable symbol
    search.
    
    See ‘Writing portable packages’ in the ‘Writing R Extensions’ manual.
Flavors: r-devel-linux-x86_64-fedora-clang, r-devel-linux-x86_64-fedora-gcc