CRAN Package Check Results for Package EloChoice

Last updated on 2021-05-18 21:54:01 CEST.

Flavor Version Tinstall Tcheck Ttotal Status Flags
r-devel-linux-x86_64-debian-clang 0.29.4 38.61 106.94 145.55 OK
r-devel-linux-x86_64-debian-gcc 0.29.4 22.15 87.24 109.39 OK
r-devel-linux-x86_64-fedora-clang 0.29.4 190.28 NOTE
r-devel-linux-x86_64-fedora-gcc 0.29.4 180.18 OK
r-devel-windows-ix86+x86_64 0.29.4 59.00 140.00 199.00 OK
r-devel-windows-x86_64-gcc10-UCRT 0.29.4 OK
r-patched-linux-x86_64 0.29.4 26.40 102.20 128.60 OK
r-patched-solaris-x86 0.29.4 274.30 OK
r-release-linux-x86_64 0.29.4 28.70 99.23 127.93 OK
r-release-macos-x86_64 0.29.4 OK
r-release-windows-ix86+x86_64 0.29.4 62.00 134.00 196.00 OK
r-oldrel-macos-x86_64 0.29.4 OK
r-oldrel-windows-ix86+x86_64 0.29.4 50.00 161.00 211.00 OK

Check Details

Version: 0.29.4
Check: Rd cross-references
Result: NOTE
    Undeclared package ‘EloRating’ in Rd xrefs
Flavor: r-devel-linux-x86_64-fedora-clang