CRAN Package Check Results for Package Eagle

Last updated on 2022-01-20 00:49:52 CET.

Flavor Version Tinstall Tcheck Ttotal Status Flags
r-devel-linux-x86_64-debian-clang 2.5 OK
r-devel-linux-x86_64-debian-gcc 2.5 218.69 80.15 298.84 OK
r-devel-linux-x86_64-fedora-clang 2.5 584.82 NOTE
r-devel-linux-x86_64-fedora-gcc 2.5 492.34 OK
r-devel-windows-x86_64-new-UL 2.5 239.00 143.00 382.00 OK
r-devel-windows-x86_64-new-TK 2.5 OK
r-patched-linux-x86_64 2.5 181.63 88.47 270.10 OK
r-release-linux-x86_64 2.5 OK
r-release-macos-arm64 2.5 NOTE
r-release-macos-x86_64 2.5 NOTE
r-release-windows-ix86+x86_64 2.5 528.00 8.00 536.00 ERROR
r-oldrel-macos-x86_64 2.5 NOTE
r-oldrel-windows-ix86+x86_64 2.5 733.00 155.00 888.00 OK

Check Details

Version: 2.5
Check: installed package size
Result: NOTE
     installed size is 11.1Mb
     sub-directories of 1Mb or more:
     libs 9.6Mb
     shiny_app 1.1Mb
Flavors: r-devel-linux-x86_64-fedora-clang, r-release-macos-arm64, r-release-macos-x86_64, r-oldrel-macos-x86_64

Version: 2.5
Check: whether package can be installed
Result: ERROR
    Installation failed.
Flavor: r-release-windows-ix86+x86_64