CRAN Package Check Results for Package Eagle

Last updated on 2022-07-05 05:52:50 CEST.

Flavor Version Tinstall Tcheck Ttotal Status Flags
r-devel-linux-x86_64-debian-clang 2.5 285.16 94.12 379.28 OK
r-devel-linux-x86_64-debian-gcc 2.5 235.53 71.44 306.97 OK
r-devel-linux-x86_64-fedora-clang 2.5 671.57 NOTE
r-devel-linux-x86_64-fedora-gcc 2.5 514.59 OK
r-devel-windows-x86_64 2.5 233.00 145.00 378.00 OK
r-patched-linux-x86_64 2.5 243.52 89.70 333.22 OK
r-release-linux-x86_64 2.5 250.29 92.37 342.66 OK
r-release-macos-arm64 2.5 118.00 NOTE
r-release-macos-x86_64 2.5 172.00 NOTE
r-release-windows-x86_64 2.5 238.00 147.00 385.00 OK
r-oldrel-macos-arm64 2.5 655.00 NOTE
r-oldrel-macos-x86_64 2.5 150.00 NOTE
r-oldrel-windows-ix86+x86_64 2.5 748.00 167.00 915.00 OK

Check Details

Version: 2.5
Check: installed package size
Result: NOTE
     installed size is 9.8Mb
     sub-directories of 1Mb or more:
     libs 8.3Mb
     shiny_app 1.1Mb
Flavors: r-devel-linux-x86_64-fedora-clang, r-release-macos-arm64, r-release-macos-x86_64, r-oldrel-macos-arm64, r-oldrel-macos-x86_64