CRAN Package Check Results for Package EMDANNhybrid

Last updated on 2021-12-07 23:54:27 CET.

Flavor Version Tinstall Tcheck Ttotal Status Flags
r-devel-linux-x86_64-debian-clang 0.1.0 10.63 107.79 118.42 NOTE
r-devel-linux-x86_64-debian-gcc 0.1.0 8.80 81.43 90.23 NOTE
r-devel-linux-x86_64-fedora-clang 0.1.0 143.01 NOTE
r-devel-linux-x86_64-fedora-gcc 0.1.0 127.37 NOTE
r-devel-windows-x86_64-new-UL 0.1.0 20.00 142.00 162.00 NOTE
r-devel-windows-x86_64-new-TK 0.1.0 NOTE
r-devel-windows-x86_64-old 0.1.0 19.00 129.00 148.00 NOTE
r-patched-linux-x86_64 0.1.0 9.36 101.19 110.55 NOTE
r-release-linux-x86_64 0.1.0 10.32 100.18 110.50 NOTE
r-release-macos-arm64 0.1.0 NOTE
r-release-macos-x86_64 0.1.0 NOTE
r-release-windows-ix86+x86_64 0.1.0 20.00 123.00 143.00 NOTE
r-oldrel-macos-x86_64 0.1.0 OK
r-oldrel-windows-ix86+x86_64 0.1.0 28.00 128.00 156.00 OK

Check Details

Version: 0.1.0
Check: LazyData
Result: NOTE
     'LazyData' is specified without a 'data' directory
Flavors: r-devel-linux-x86_64-debian-clang, r-devel-linux-x86_64-debian-gcc, r-devel-linux-x86_64-fedora-clang, r-devel-linux-x86_64-fedora-gcc, r-devel-windows-x86_64-new-UL, r-devel-windows-x86_64-new-TK, r-devel-windows-x86_64-old, r-patched-linux-x86_64, r-release-linux-x86_64, r-release-macos-arm64, r-release-macos-x86_64, r-release-windows-ix86+x86_64