CRAN Package Check Results for Package EMCluster

Last updated on 2021-07-30 19:50:06 CEST.

Flavor Version Tinstall Tcheck Ttotal Status Flags
r-devel-linux-x86_64-debian-clang 0.2-13 NOTE
r-devel-linux-x86_64-debian-gcc 0.2-13 16.36 64.96 81.32 NOTE
r-devel-linux-x86_64-fedora-clang 0.2-13 145.70 NOTE
r-devel-linux-x86_64-fedora-gcc 0.2-13 125.67 NOTE
r-devel-windows-x86_64 0.2-13 38.00 113.00 151.00 OK
r-devel-windows-x86_64-gcc10-UCRT 0.2-13 NOTE
r-patched-linux-x86_64 0.2-13 NOTE
r-patched-solaris-x86 0.2-13 183.80 NOTE
r-release-linux-x86_64 0.2-13 19.69 80.96 100.65 NOTE
r-release-macos-arm64 0.2-13 OK
r-release-macos-x86_64 0.2-13 OK
r-release-windows-ix86+x86_64 0.2-13 86.00 106.00 192.00 OK
r-oldrel-macos-x86_64 0.2-13 OK
r-oldrel-windows-ix86+x86_64 0.2-13 75.00 140.00 215.00 OK

Check Details

Version: 0.2-13
Check: package dependencies
Result: NOTE
    Package which this enhances but not available for checking: 'PPtree'
Flavors: r-devel-linux-x86_64-debian-clang, r-devel-linux-x86_64-debian-gcc, r-devel-linux-x86_64-fedora-clang, r-devel-linux-x86_64-fedora-gcc, r-devel-windows-x86_64-gcc10-UCRT, r-patched-linux-x86_64, r-patched-solaris-x86, r-release-linux-x86_64