CRAN Package Check Results for Package EMAtools

Last updated on 2022-01-25 12:55:32 CET.

Flavor Version Tinstall Tcheck Ttotal Status Flags
r-devel-linux-x86_64-debian-clang 0.1.4 14.87 123.64 138.51 OK
r-devel-linux-x86_64-debian-gcc 0.1.4 12.87 104.44 117.31 OK
r-devel-linux-x86_64-fedora-clang 0.1.4 159.74 OK
r-devel-linux-x86_64-fedora-gcc 0.1.4 150.86 OK
r-devel-windows-x86_64-new-UL 0.1.4 34.00 133.00 167.00 OK
r-devel-windows-x86_64-new-TK 0.1.4 ERROR
r-patched-linux-x86_64 0.1.4 12.10 108.90 121.00 OK
r-release-linux-x86_64 0.1.4 9.51 109.47 118.98 OK
r-release-macos-arm64 0.1.4 OK
r-release-macos-x86_64 0.1.4 OK
r-release-windows-ix86+x86_64 0.1.4 33.00 128.00 161.00 OK
r-oldrel-macos-x86_64 0.1.4 OK
r-oldrel-windows-ix86+x86_64 0.1.4 35.00 130.00 165.00 OK

Check Details

Version: 0.1.4
Check: package dependencies
Result: ERROR
    Packages required but not available: 'lmerTest', 'sjstats'
    
    See section 'The DESCRIPTION file' in the 'Writing R Extensions'
    manual.
Flavor: r-devel-windows-x86_64-new-TK