CRAN Package Check Results for Package EGAnet

Last updated on 2021-10-22 04:54:47 CEST.

Flavor Version Tinstall Tcheck Ttotal Status Flags
r-devel-linux-x86_64-debian-clang 0.9.8 12.48 127.88 140.36 OK
r-devel-linux-x86_64-debian-gcc 0.9.8 11.33 95.07 106.40 OK
r-devel-linux-x86_64-fedora-clang 0.9.8 183.63 OK
r-devel-linux-x86_64-fedora-gcc 0.9.8 178.96 OK
r-devel-windows-x86_64 0.9.8 21.00 166.00 187.00 OK
r-devel-windows-x86_64-gcc10-UCRT 0.9.8 ERROR
r-patched-linux-x86_64 0.9.8 18.59 121.61 140.20 OK
r-patched-solaris-x86 0.9.8 230.30 OK
r-release-linux-x86_64 0.9.8 12.32 121.36 133.68 OK
r-release-macos-arm64 0.9.8 OK
r-release-macos-x86_64 0.9.8 OK
r-release-windows-ix86+x86_64 0.9.8 29.00 177.00 206.00 OK
r-oldrel-macos-x86_64 0.9.8 OK
r-oldrel-windows-ix86+x86_64 0.9.8 24.00 180.00 204.00 OK

Additional issues

donttest

Check Details

Version: 0.9.8
Check: package dependencies
Result: ERROR
    Packages required but not available:
     'qgraph', 'semPlot', 'igraph', 'NetworkToolbox'
    
    Package suggested but not available for checking: 'wTO'
    
    See section 'The DESCRIPTION file' in the 'Writing R Extensions'
    manual.
Flavor: r-devel-windows-x86_64-gcc10-UCRT