CRAN Package Check Results for Package EFA.dimensions

Last updated on 2021-09-21 16:51:18 CEST.

Flavor Version Tinstall Tcheck Ttotal Status Flags
r-devel-linux-x86_64-debian-clang 0.1.7.3 6.35 42.75 49.10 OK
r-devel-linux-x86_64-debian-gcc 0.1.7.3 4.92 33.13 38.05 OK
r-devel-linux-x86_64-fedora-clang 0.1.7.3 72.06 OK
r-devel-linux-x86_64-fedora-gcc 0.1.7.3 57.88 OK
r-devel-windows-x86_64 0.1.7.3 7.00 46.00 53.00 OK
r-devel-windows-x86_64-gcc10-UCRT 0.1.7.3 ERROR
r-patched-linux-x86_64 0.1.7.3 6.58 41.92 48.50 OK
r-patched-solaris-x86 0.1.7.3 70.70 OK
r-release-linux-x86_64 0.1.7.3 6.48 41.35 47.83 OK
r-release-macos-arm64 0.1.7.3 OK
r-release-macos-x86_64 0.1.7.3 OK
r-release-windows-ix86+x86_64 0.1.7.3 11.00 60.00 71.00 OK
r-oldrel-macos-x86_64 0.1.7.3 OK
r-oldrel-windows-ix86+x86_64 0.1.7.3 16.00 46.00 62.00 OK

Check Details

Version: 0.1.7.3
Check: whether package can be installed
Result: WARN
    Found the following significant warnings:
     WARNING: installation-time patches will not be applied, could not get the patches index
Flavor: r-devel-windows-x86_64-gcc10-UCRT

Version: 0.1.7.3
Check: PDF version of manual
Result: WARN
    LaTeX errors when creating PDF version.
    This typically indicates Rd problems.
Flavor: r-devel-windows-x86_64-gcc10-UCRT

Version: 0.1.7.3
Check: PDF version of manual without hyperrefs or index
Result: ERROR
    Re-running with no redirection of stdout/stderr.
Flavor: r-devel-windows-x86_64-gcc10-UCRT